 {"id":729,"date":"2026-01-31T19:16:15","date_gmt":"2026-01-31T18:16:15","guid":{"rendered":"https:\/\/blogs.univ-tlse2.fr\/slavica-boutique\/?post_type=product&#038;p=729"},"modified":"2026-01-31T19:16:15","modified_gmt":"2026-01-31T18:16:15","slug":"62-histoire-et-politique-des-fonds-slaves-en-france","status":"publish","type":"product","link":"https:\/\/blogs.univ-tlse2.fr\/slavica-boutique\/produit\/62-histoire-et-politique-des-fonds-slaves-en-france\/","title":{"rendered":"62 &#8211; Histoire et politique des fonds slaves en France"},"content":{"rendered":"<p><em>Rodolphe Baudin &amp; Yoanna Planchette<\/em> &#8211; Introduction. Histoire et politique des fonds slaves en France<br \/>\n<em>Sylvie Archaimbault<\/em> &#8211; La slavistique et les fonds slaves en France : une entreprise scientifique et politique<br \/>\n<em>Rodolphe Baudin<\/em> &#8211; Un tr\u00e9sor empoisonn\u00e9 ? Les fonds Schnitzler des biblioth\u00e8ques strasbourgeoises<br \/>\n<em>Grzegorz Marut <\/em> &#8211; La Biblioth\u00e8que polonaise des Batignolles et ses fonds slaves dans le paysage politique de la Grande \u00c9migration<br \/>\n<em> Krystian Klekot <\/em> &#8211; Les fonds slaves de la Librairie polonaise de Paris et leur \u00e9volution politique des ann\u00e9es 1830 aux ann\u00e9es 1860<br \/>\n<em>Sophie C\u0153ur\u00e9 <\/em> &#8211; Les fonds \u00ab slaves \u00bb de la BDIC (La Contemporaine) : collecter la contre-documentation des exils et des dissidences de \u00ab l\u2019Est \u00bb (1917-1991)<br \/>\n<em> Iryna Sobchenko <\/em> &#8211; La Renaissance fusill\u00e9e \u00e0 la BULAC : pour une histoire politique de la constitution des collections ukrainiennes en France<br \/>\n<em>Barbara Pueyo <\/em> &#8211; Histoire et politique du patrimoine documentaire tch\u00e9coslovaque de l\u2019Institut d\u2019\u00e9tudes slaves<br \/>\n<em>Riva Evstifeeva <\/em> &#8211; Le \u00ab Journal de bord \u00bb : un document in\u00e9dit sur l\u2019histoire politique de la Biblioth\u00e8que Tourguenev de Paris<br \/>\n<em>Tatiana Victoroff <\/em> &#8211; TAMizdat : les archives des \u00e9crivains sovi\u00e9tiques chez YMCA-Press\t<\/p>\n<h3>R\u00c9SUM\u00c9S DES ARTICLES<\/h3>\n<h3>ABSTRACTS<\/h3>\n<h3>NOTICES SUR LES AUTEURS<\/h3>\n<h3>R\u00c9SUM\u00c9S DE TH\u00c8SE<\/h3>\n<p><em>Anastasia Aksenova<\/em>, Voyageurs et savants russes en \u00c9gypte au XIXe si\u00e8cle. Un aspect inconnu du d\u00e9veloppement de l\u2019\u00e9gyptologie en Russie (1801-1917)<br \/>\n<em>Benjamin Qu\u00e9nu<\/em>, Culture et politique dans l\u2019Ouzb\u00e9kistan sovi\u00e9tique de la Grande Terreur au D\u00e9gel (1937-1956) : l\u2019Union des \u00c9crivains de la RSS d\u2019Ouzb\u00e9kistan, une exp\u00e9rience de cogestion du pouvoir et de construction des imaginaires politiques<\/p>\n<h3>NOTES DE LECTURE<\/h3>\n<p><em>Aurore Favre<\/em> &#8211; Przemys\u0142aw Czapli\u0144ski, <em>La carte d\u00e9plac\u00e9e : L\u2019imaginaire g\u00e9ographique et culturel des lettres polonaises au tournant des XXe et XXIe si\u00e8cles <\/em> (2024)\t\t<\/p>\n<p><em>Mathilde Garnier<\/em> &#8211; Benjamin Deruelle (\u00e9d.), <em>Quand l\u2019Histoire sert \u00e0 faire la guerre <\/em> (2023)\t<\/p>\n<p><em>Camille Neufville<\/em> &#8211; Barbara Emerson, <em>The First Cold War: Anglo-Russian Relations in the 19th Century <\/em> (2024)\t<\/p>\n<p><em>\u00c9ric Aunoble<\/em> &#8211; S\u00e9bastien Gobert, <em>L\u2019Ukraine, la R\u00e9publique et les oligarques. Comprendre le syst\u00e8me ukrainien <\/em> (2024)\t<\/p>\n<p><em>Gabriel Porc<\/em> &#8211; Andrew Wilson, <em>Political Technology. The Globalisation of Political Manipulation<\/em>  (2023) <\/p>\n<p><em>Mathieu Capel<\/em> &#8211; Olga V. Solovieva, <em>The Russian Kurosawa. Transnational Cinema, or the Art of Speaking Differently<\/em>  (2023)<\/p>\n","protected":false},"excerpt":{"rendered":"<div data-marker=\"__QUOTED_TEXT__\"><b><span>Editeurs scientifiques : <\/span><\/b><em>Rodolphe Baudin<br \/>\n&amp; Yoanna Planchette<\/em><\/div>\n<div data-marker=\"__QUOTED_TEXT__\"><strong>ISBN : <\/strong>979-10-93090-20-7<\/div>\n<div data-marker=\"__QUOTED_TEXT__\">297 p.<\/div>\n","protected":false},"featured_media":730,"template":"","meta":[],"product_brand":[],"product_cat":[],"product_tag":[],"class_list":{"0":"post-729","1":"product","2":"type-product","3":"status-publish","4":"has-post-thumbnail","7":"first","8":"instock","9":"shipping-taxable","10":"purchasable","11":"product-type-simple"},"_links":{"self":[{"href":"https:\/\/blogs.univ-tlse2.fr\/slavica-boutique\/wp-json\/wp\/v2\/product\/729","targetHints":{"allow":["GET"]}}],"collection":[{"href":"https:\/\/blogs.univ-tlse2.fr\/slavica-boutique\/wp-json\/wp\/v2\/product"}],"about":[{"href":"https:\/\/blogs.univ-tlse2.fr\/slavica-boutique\/wp-json\/wp\/v2\/types\/product"}],"wp:featuredmedia":[{"embeddable":true,"href":"https:\/\/blogs.univ-tlse2.fr\/slavica-boutique\/wp-json\/wp\/v2\/media\/730"}],"wp:attachment":[{"href":"https:\/\/blogs.univ-tlse2.fr\/slavica-boutique\/wp-json\/wp\/v2\/media?parent=729"}],"wp:term":[{"taxonomy":"product_brand","embeddable":true,"href":"https:\/\/blogs.univ-tlse2.fr\/slavica-boutique\/wp-json\/wp\/v2\/product_brand?post=729"},{"taxonomy":"product_cat","embeddable":true,"href":"https:\/\/blogs.univ-tlse2.fr\/slavica-boutique\/wp-json\/wp\/v2\/product_cat?post=729"},{"taxonomy":"product_tag","embeddable":true,"href":"https:\/\/blogs.univ-tlse2.fr\/slavica-boutique\/wp-json\/wp\/v2\/product_tag?post=729"}],"curies":[{"name":"wp","href":"https:\/\/api.w.org\/{rel}","templated":true}]}}