 {"id":82,"date":"2018-11-26T12:11:54","date_gmt":"2018-11-26T11:11:54","guid":{"rendered":"http:\/\/dev25-adim.univ-tlse2.fr\/slavica-boutique\/?post_type=product&#038;p=82"},"modified":"2020-08-09T22:25:27","modified_gmt":"2020-08-09T20:25:27","slug":"revue-n5-europe-centrale-europa-media","status":"publish","type":"product","link":"https:\/\/blogs.univ-tlse2.fr\/slavica-boutique\/produit\/revue-n5-europe-centrale-europa-media\/","title":{"rendered":"Revue n\u00b005 &#8211; Europe centrale. Europa media"},"content":{"rendered":"<h2>Sommaire<\/h2>\n<h3>Articles<\/h3>\n<p>Jacques ALLIERE &#8211; Les Balkans linguistiques<\/p>\n<p>Viviane ANDRIEU &#8211; Bismarck et la question polonaise<\/p>\n<p>Pierre-Yves BOISSAU &#8211; E.M. Cioran : les racines slaves d&rsquo;un auteur roumain francophone<\/p>\n<p>Patrick CABANEL &#8211; Franti\u0161ek Palacky, Ernest Denis et Thomas Garrigue Masaryk : le protestantisme dans le r\u00e9cit historique et dans l&rsquo;id\u00e9e nationale tch\u00e8ques au XIXe si\u00e8cle<\/p>\n<p>Philippe CARBONNE &#8211; Jean Boudou, \u00e9crivain occitan, la Sil\u00e9sie, l&rsquo;Allemagne, l\u2019Ukraine et la Pologne<\/p>\n<p>Roger COMTET &#8211; L&rsquo;\u00e9cole \u00ab yougoslave \u00bb de Montauban (Tarn-et-Garonne)<\/p>\n<p>Michel DUC GONINAZ &#8211; \u00ab En Pologne, c\u2019est-\u00e0-dire nulle part \u00bb. R\u00e9flexions sur les origines de l\u2019esp\u00e9ranto<\/p>\n<p>Zolt\u00e1n HAJN\u00c1DY &#8211; Pays-passeur ou pays-passerelle ? La litt\u00e9rature russe classique vue par la critique hongroise<\/p>\n<p>Laurent MERCIER &#8211; Etienne Fournol \u00ab Tch\u00e8que honoraire \u00bb<\/p>\n<p>Markus OSTERRIEDER &#8211; P\u00e8lerins pour l\u2019Europe. Les relations culturelles entre l\u2019Europe centrale et Kiev (Xe-XIIIe si\u00e8cles) : le r\u00f4le des Irlandais<\/p>\n<p>Stanko TEN\u0160EK &#8211; Les f\u00e9libres traduits en croate<\/p>\n<h3>Notes de lecture<\/h3>\n<p>Pierre-Yves PECHOUX J. Ancel, <em>Slaves et Germains<\/em>, Paris, 1945, 224 p.<\/p>\n<p>Roger COMTET P. Caussat, D. Adamski et M. Cr\u00e9pon, <em>La langue, source de la nation. Messianismes s\u00e9culiers en Europe centrale et orientale (du XVIIIe au XXe si\u00e8cle),<\/em> Sprimont, Berlgique, 1996, 539 p.<\/p>\n<p>Jean BREUILLARD D. Gnammankou, <em>Abraham Hanibal, l&rsquo;a\u00efeul noir de Pouchkine<\/em>, Paris-Dakar, 1996, 251 p.<\/p>\n<p>Roger COMTET A. Grannes, <em>Turco-Bulgarica. Articles in English and French concerning Turkish influence on Bulgarian<\/em>, Wiesbaden, 1996, 320 p.<\/p>\n<p>Sylvie MARTIN J. Le Cann, J.-F. Le Cann, P. Combot et J. Huard, <em>Un Breton chez les Bolcheviks. Le carnet de Jacques Le Cann, de Logonna-Daoulas, \u00e0 Moscou en 1917-1918<\/em>, Montroules\/Morlaix, 1993, 84 p.<\/p>\n<p>Roger COMTET P. S\u00e9riot, (\u00e9d.)<em> Langue et nation en Europe centrale et orientale du XVIIIe si\u00e8cle \u00e0 nos jours<\/em>, Lausanne, 1996, 358 p.<\/p>\n","protected":false},"excerpt":{"rendered":"<p><strong>\u00c9diteur scientifique :<\/strong><\/p>\n<p>Roger Comtet<\/p>\n<p>304 pages<\/p>\n","protected":false},"featured_media":283,"template":"","meta":[],"product_brand":[],"product_cat":[],"product_tag":[],"class_list":{"0":"post-82","1":"product","2":"type-product","3":"status-publish","4":"has-post-thumbnail","7":"first","8":"instock","9":"purchasable","10":"product-type-simple"},"_links":{"self":[{"href":"https:\/\/blogs.univ-tlse2.fr\/slavica-boutique\/wp-json\/wp\/v2\/product\/82","targetHints":{"allow":["GET"]}}],"collection":[{"href":"https:\/\/blogs.univ-tlse2.fr\/slavica-boutique\/wp-json\/wp\/v2\/product"}],"about":[{"href":"https:\/\/blogs.univ-tlse2.fr\/slavica-boutique\/wp-json\/wp\/v2\/types\/product"}],"wp:featuredmedia":[{"embeddable":true,"href":"https:\/\/blogs.univ-tlse2.fr\/slavica-boutique\/wp-json\/wp\/v2\/media\/283"}],"wp:attachment":[{"href":"https:\/\/blogs.univ-tlse2.fr\/slavica-boutique\/wp-json\/wp\/v2\/media?parent=82"}],"wp:term":[{"taxonomy":"product_brand","embeddable":true,"href":"https:\/\/blogs.univ-tlse2.fr\/slavica-boutique\/wp-json\/wp\/v2\/product_brand?post=82"},{"taxonomy":"product_cat","embeddable":true,"href":"https:\/\/blogs.univ-tlse2.fr\/slavica-boutique\/wp-json\/wp\/v2\/product_cat?post=82"},{"taxonomy":"product_tag","embeddable":true,"href":"https:\/\/blogs.univ-tlse2.fr\/slavica-boutique\/wp-json\/wp\/v2\/product_tag?post=82"}],"curies":[{"name":"wp","href":"https:\/\/api.w.org\/{rel}","templated":true}]}}