 {"id":93,"date":"2018-11-27T09:57:21","date_gmt":"2018-11-27T08:57:21","guid":{"rendered":"http:\/\/dev25-adim.univ-tlse2.fr\/slavica-boutique\/?post_type=product&#038;p=93"},"modified":"2020-08-09T22:32:42","modified_gmt":"2020-08-09T20:32:42","slug":"revue-n12-alphabets-slaves-et-interculturalite","status":"publish","type":"product","link":"https:\/\/blogs.univ-tlse2.fr\/slavica-boutique\/produit\/revue-n12-alphabets-slaves-et-interculturalite\/","title":{"rendered":"Revue n\u00b012 &#8211; Alphabets slaves et interculturalit\u00e9"},"content":{"rendered":"<h2>Sommaire<\/h2>\n<h3>Articles<\/h3>\n<p>Vladimir ALPATOV &#8211; Un projet peu connu de latinisation de l\u2019alphabet russe<\/p>\n<p>Sylvie ARCHAIMBAULT &#8211; Transcription et translit\u00e9ration utilis\u00e9es dans la Grammaire et m\u00e9thode russes et fran\u00e7oises de Jean Sohier (1724)<\/p>\n<p>Olivier AZAM &#8211; L\u2019histoire controvers\u00e9e de la naissance du premier alphabet slave<\/p>\n<p>Jean BREUILLARD &#8211; A propos de la forme de quelques lettres cyrilliques : l\u2019hypoth\u00e8se articulatoire<\/p>\n<p>Michel CHICOUENE &#8211; Observations sur le syst\u00e8me graphique du russe moderne<\/p>\n<p>Roger COMTET &#8211; Aux sources de la transcription du russe en allemand : Wilhelm Heinrich Ludolf (1655-1712)<\/p>\n<p>Alexander DULICENKO &#8211; Changements d\u2019alphabets et doubles alphabets dans les langues slaves orientales : histoire et pratique<\/p>\n<p>Xavier GALMICHE &#8211; Romaine contre gothique : aspects culturels des options alphab\u00e9tiques et typographiques dans les pays tch\u00e8ques au XIXe si\u00e8cle<\/p>\n<p>Emile KRUBA &#8211; Histoire de l\u2019orthographe de l\u2019ukrainien<\/p>\n<p>Anatolij KUZNECOV &#8211; La glagolite et les alphabets des langues sacr\u00e9es<\/p>\n<p>Werner LEHFELDT &#8211; L\u2019\u00e9criture arabe chez les Slaves<\/p>\n<p>Patrice POGNAN &#8211; Introduction aux syst\u00e8mes d\u2019\u00e9criture des langues slaves de l\u2019Ouest<\/p>\n<p>Ian PRESS &#8211; La question orthographique dans les langues slaves compar\u00e9e \u00e0 celle d\u2019autres langues europ\u00e9ennes comme le breton<\/p>\n<p>Jos SCHAEKEN &#8211; L\u2019orthographe de la Charte de Smolensk de 1229, version A<\/p>\n<p>Paul-Louis THOMAS &#8211; Les quatre alphabets du serbo-croate : bosniaque, croate, mont\u00e9n\u00e9grin, serbe<\/p>\n<p>Elena UXANOVA &#8211; L\u2019alphabet glagolitique et les alphabets \u00abmissionnaires \u00bb de l\u2019Orient orthodoxe<\/p>\n<p>Irina VILKOU-POUSTOVAIA &#8211; Le roumain \/ moldave : histoire d\u2019une guerre des alphabets<\/p>\n<h3>Notes de lecture<\/h3>\n<p>Maryse DENNES &#8211; <em>Art et philosophie<\/em> russe, sous la direction de Fran\u00e7oise Lesourd et Michel Eltchaninoff, Cahiers d\u2019histoire de la philosophie, 2, Universit\u00e9 de Bourgogne, publi\u00e9 par le Centre Gaston Bachelard de Recherches sur l\u2019imaginaire et la rationalit\u00e9 de l\u2019Universit\u00e9 de Bourgogne, \u00c9ditions universitaires de Dijon, 4e semestre 2000, 179 p.<\/p>\n<p>Roger COMTET &#8211; <em>Cahiers lituaniens<\/em>, 1, 2000, 48 p.<\/p>\n","protected":false},"excerpt":{"rendered":"<p><strong>\u00c9diteurs scientifiques :<\/strong><\/p>\n<p>Jean Breuillard et Roger Comtet<\/p>\n<p>437 pages<\/p>\n","protected":false},"featured_media":276,"template":"","meta":[],"product_brand":[],"product_cat":[],"product_tag":[],"class_list":{"0":"post-93","1":"product","2":"type-product","3":"status-publish","4":"has-post-thumbnail","7":"first","8":"instock","9":"purchasable","10":"product-type-simple"},"_links":{"self":[{"href":"https:\/\/blogs.univ-tlse2.fr\/slavica-boutique\/wp-json\/wp\/v2\/product\/93","targetHints":{"allow":["GET"]}}],"collection":[{"href":"https:\/\/blogs.univ-tlse2.fr\/slavica-boutique\/wp-json\/wp\/v2\/product"}],"about":[{"href":"https:\/\/blogs.univ-tlse2.fr\/slavica-boutique\/wp-json\/wp\/v2\/types\/product"}],"wp:featuredmedia":[{"embeddable":true,"href":"https:\/\/blogs.univ-tlse2.fr\/slavica-boutique\/wp-json\/wp\/v2\/media\/276"}],"wp:attachment":[{"href":"https:\/\/blogs.univ-tlse2.fr\/slavica-boutique\/wp-json\/wp\/v2\/media?parent=93"}],"wp:term":[{"taxonomy":"product_brand","embeddable":true,"href":"https:\/\/blogs.univ-tlse2.fr\/slavica-boutique\/wp-json\/wp\/v2\/product_brand?post=93"},{"taxonomy":"product_cat","embeddable":true,"href":"https:\/\/blogs.univ-tlse2.fr\/slavica-boutique\/wp-json\/wp\/v2\/product_cat?post=93"},{"taxonomy":"product_tag","embeddable":true,"href":"https:\/\/blogs.univ-tlse2.fr\/slavica-boutique\/wp-json\/wp\/v2\/product_tag?post=93"}],"curies":[{"name":"wp","href":"https:\/\/api.w.org\/{rel}","templated":true}]}}