 {"id":2,"date":"2017-03-14T17:27:36","date_gmt":"2017-03-14T16:27:36","guid":{"rendered":"https:\/\/blogs.univ-tlse2.fr\/stomia\/?page_id=2"},"modified":"2017-06-14T23:35:28","modified_gmt":"2017-06-14T21:35:28","slug":"page-d-exemple","status":"publish","type":"page","link":"https:\/\/blogs.univ-tlse2.fr\/stomia\/page-d-exemple\/","title":{"rendered":"Acteurs de la recherche"},"content":{"rendered":"<p style=\"text-align: center\"><strong><u>M\u00e9decins Porteurs de l\u2019\u00e9tude<\/u><\/strong><\/p>\n<ul>\n<li><strong>Pr PORTIER Guillaume <\/strong><\/li>\n<\/ul>\n<p><strong>Chef du service de chirurgie digestive et coordinateur du programme d\u2019\u00e9ducation th\u00e9rapeutique destin\u00e9s aux patients\u00a0<\/strong><b>stomis\u00e9s<\/b><\/p>\n<p>Service chirurgie g\u00e9n\u00e9rale et digestive H\u00f4pital Purpan -Place du Docteur Baylac- TSA 40031- 31059\u00a0Toulouse Cedex 9<\/p>\n<ul>\n<li><strong>Pr ROUDI\u00c9 Jean <\/strong><\/li>\n<\/ul>\n<p><strong>Chef du service de chirurgie OB Digestive et visc\u00e9rale Martinique<\/strong><\/p>\n<p>Service Chirurgie OB Digestive et Visc\u00e9rale-\u00a0Centre Hospitalier de la Martinique, Site Pierre Zobda Quitman, Quartier La Meynard, 97200 FORT-DE-FRANCE<\/p>\n<ul>\n<li><strong>Les \u00e9quipes soignantes de Martinique et de Purpan (infirmier(e)s, aide-soignant(e)s)).<\/strong><\/li>\n<\/ul>\n<p>&nbsp;<\/p>\n<p style=\"text-align: center\"><strong><u>Les scientifiques<\/u><\/strong><\/p>\n<ul>\n<li style=\"text-align: left\"><strong>SORDES Florence<\/strong><\/li>\n<\/ul>\n<p><strong>Ma\u00eetre de Conf\u00e9rence en Psychopathologie clinique, psychologie de la sant\u00e9, neurosciences- HDR\u00a0 \u00e0 l\u2019Universit\u00e9 de Toulouse II-Jean Jaur\u00e8s<\/strong><\/p>\n<p><strong>Directrice de th\u00e8se de cette recherche <\/strong><\/p>\n<p>Laboratoire CERPPS, P\u00f4le 3- Universit\u00e9 Toulouse le Mirail-5, all\u00e9es Antonio Machado-31000 Toulouse<\/p>\n<p><strong>Email\u00a0: <\/strong><a href=\"m&#97;&#x69;lt&#x6f;&#x3a;so&#x72;&#x64;es&#x40;&#x75;n&#105;&#x76;&#x2d;t&#108;&#x73;&#x65;2&#46;&#x66;r\"><strong>s&#x6f;&#x72;d&#x65;&#x73;&#64;&#x75;&#x6e;i&#118;&#x2d;t&#108;&#x73;e&#50;&#x2e;f&#114;<\/strong><\/a><\/p>\n<ul>\n<li><strong>Pr BLICHARSKA Teresa<\/strong><\/li>\n<\/ul>\n<p><strong>Professeur en psychologie du d\u00e9veloppement \u00e0 l\u2019Universit\u00e9 de Toulouse II-Jean Jaur\u00e8s<\/strong><\/p>\n<p><strong>Co-Directrice de th\u00e8se<\/strong><\/p>\n<p>Laboratoire CERPPS, P\u00f4le 2- Psychopathologie d\u00e9veloppementale &#8211; Bureau 100, Maison de la Recherche-\u00a0Universit\u00e9 de Toulouse II, Jean Jaur\u00e8s &#8211; 5 All\u00e9es Antonio Machado -31058 TOULOUSE Cedex 9<\/p>\n<p><strong>Email\u00a0<\/strong>:\u00a0<strong><a href=\"&#x6d;&#97;il&#x74;&#x6f;:b&#x6c;&#x69;&#99;ha&#x72;&#115;&#64;u&#x6e;&#x69;&#118;-&#x74;&#x6c;&#115;e2&#x2e;&#x66;r\">b&#x6c;ic&#x68;ar&#x73;&#64;&#117;&#x6e;i&#118;&#x2d;t&#108;&#x73;e&#50;&#x2e;f&#114;<\/a><\/strong><\/p>\n<ul>\n<li><strong>BEAUBRUN EN FAMILLE DIANT Laury<\/strong><\/li>\n<\/ul>\n<p><strong>Psychologue clinicienne sp\u00e9cialiste de la psychologie de la Sant\u00e9 \/ Doctorante<\/strong><\/p>\n<p>Affili\u00e9e au laboratoire CERPPS (Centre d\u2019Etudes et de Recherche en Psychopathologie et psychologie de la Sant\u00e9).<\/p>\n<p><strong>T\u00e9l\u00a0: +33 (0)6.49.63.91.90\u00a0\u00a0\u00a0\u00a0\u00a0\u00a0\u00a0\u00a0\u00a0\u00a0\u00a0\u00a0\u00a0<\/strong><\/p>\n<p style=\"text-align: center\"><strong>\u00a0\u00a0\u00a0\u00a0 Email\u00a0:\u00a0<\/strong><span style=\"color: #ff6600\"><strong>\u00a0l<\/strong><\/span><strong><a href=\"m&#97;&#x69;lt&#x6f;&#x3a;La&#x75;&#x72;y&#46;&#x62;&#x65;a&#117;&#x62;&#x72;u&#110;&#x2d;&#x65;n&#45;&#x66;am&#105;&#x6c;le&#x2d;&#x64;ia&#x6e;&#x74;&#64;&#101;&#x74;&#x75;&#46;&#117;&#x6e;&#x69;v&#45;&#x74;&#x6c;s&#101;&#x32;&#46;f&#x72;\">&#x61;u&#x72;&#121;&#46;&#x62;e&#x61;&#117;b&#x72;u&#x6e;&#45;e&#x6e;-&#x66;&#x61;m&#x69;&#108;l&#x65;-&#x64;&#105;a&#x6e;t&#x40;&#117;n&#x69;v&#x2d;&#x74;l&#x73;&#101;2&#x2e;f&#x72;<\/a>\u00a0\u00a0<\/strong><\/p>\n<p>Maison de la Recherche-Bureau A102b- 5 All\u00e9es Antonio Machado- 31058 TOULOUSE- Cedex<\/p>\n<p style=\"text-align: center\"><strong><u>Les partenaires<\/u><\/strong><\/p>\n<ul>\n<li style=\"text-align: center\"><strong>Fsk:<\/strong> Prestataire de services- Sp\u00e9cialiste dans l&rsquo;assistance aux\u00a0personnes stomis\u00e9es<\/li>\n<\/ul>\n<p>&nbsp;<\/p>\n<hr \/>\n<p style=\"text-align: center\"><strong>\u00a0<\/strong><strong>Si vous souhaitez des informations suppl\u00e9mentaires au sujet de cette \u00e9tude vous pouvez nous contacter \u00a0\u00e0 l\u2019adresse suivante\u00a0:<\/strong><\/p>\n<p style=\"text-align: center\"><strong>Maison de la Recherche-<\/strong><\/p>\n<p style=\"text-align: center\"><strong>5 All\u00e9es Antonio Machado- Bureau A102b<\/strong><\/p>\n<p style=\"text-align: center\"><strong>31058 TOULOUSE<\/strong><\/p>\n<p style=\"text-align: center\"><strong>06.49.63.91.90<\/strong><\/p>\n<p style=\"text-align: center\"><strong>r&#x65;c&#104;&#x65;r&#x63;&#x68;e&#x2e;s&#116;&#x6f;m&#105;&#x61;&#64;&#x75;n&#105;&#x76;-&#116;&#x6c;s&#x65;&#x32;&#46;&#x66;r<\/strong><\/p>\n<hr \/>\n<p style=\"text-align: center\"><span style=\"color: #ff6600\"><strong>Cette recherche est financ\u00e9e par la collectivit\u00e9 territoriale de la Martinique<\/strong><\/span><\/p>\n<p style=\"text-align: center\">\n","protected":false},"excerpt":{"rendered":"<p>M\u00e9decins Porteurs de l\u2019\u00e9tude Pr PORTIER Guillaume Chef du service de chirurgie digestive et coordinateur du programme d\u2019\u00e9ducation th\u00e9rapeutique destin\u00e9s aux patients\u00a0stomis\u00e9s Service chirurgie g\u00e9n\u00e9rale et digestive H\u00f4pital Purpan -Place du Docteur Baylac- TSA 40031- 31059\u00a0Toulouse Cedex 9 Pr ROUDI\u00c9 Jean Chef du service de chirurgie OB Digestive et visc\u00e9rale Martinique Service Chirurgie OB Digestive &hellip; <a href=\"https:\/\/blogs.univ-tlse2.fr\/stomia\/page-d-exemple\/\" class=\"more-link\">Continuer la lecture de <span class=\"screen-reader-text\">Acteurs de la recherche<\/span> <span class=\"meta-nav\">&rarr;<\/span><\/a><\/p>\n","protected":false},"author":400,"featured_media":0,"parent":0,"menu_order":0,"comment_status":"closed","ping_status":"closed","template":"","meta":{"footnotes":""},"class_list":["post-2","page","type-page","status-publish","hentry"],"_links":{"self":[{"href":"https:\/\/blogs.univ-tlse2.fr\/stomia\/wp-json\/wp\/v2\/pages\/2","targetHints":{"allow":["GET"]}}],"collection":[{"href":"https:\/\/blogs.univ-tlse2.fr\/stomia\/wp-json\/wp\/v2\/pages"}],"about":[{"href":"https:\/\/blogs.univ-tlse2.fr\/stomia\/wp-json\/wp\/v2\/types\/page"}],"author":[{"embeddable":true,"href":"https:\/\/blogs.univ-tlse2.fr\/stomia\/wp-json\/wp\/v2\/users\/400"}],"replies":[{"embeddable":true,"href":"https:\/\/blogs.univ-tlse2.fr\/stomia\/wp-json\/wp\/v2\/comments?post=2"}],"version-history":[{"count":9,"href":"https:\/\/blogs.univ-tlse2.fr\/stomia\/wp-json\/wp\/v2\/pages\/2\/revisions"}],"predecessor-version":[{"id":59,"href":"https:\/\/blogs.univ-tlse2.fr\/stomia\/wp-json\/wp\/v2\/pages\/2\/revisions\/59"}],"wp:attachment":[{"href":"https:\/\/blogs.univ-tlse2.fr\/stomia\/wp-json\/wp\/v2\/media?parent=2"}],"curies":[{"name":"wp","href":"https:\/\/api.w.org\/{rel}","templated":true}]}}

<p style="text-align: center"><strong><u>Médecins Porteurs de l’étude</u></strong></p>
<ul>
<li><strong>Pr PORTIER Guillaume </strong></li>
</ul>
<p><strong>Chef du service de chirurgie digestive et coordinateur du programme d’éducation thérapeutique destinés aux patients </strong><b>stomisés</b></p>
<p>Service chirurgie générale et digestive Hôpital Purpan -Place du Docteur Baylac- TSA 40031- 31059 Toulouse Cedex 9</p>
<ul>
<li><strong>Pr ROUDIÉ Jean </strong></li>
</ul>
<p><strong>Chef du service de chirurgie OB Digestive et viscérale Martinique</strong></p>
<p>Service Chirurgie OB Digestive et Viscérale- Centre Hospitalier de la Martinique, Site Pierre Zobda Quitman, Quartier La Meynard, 97200 FORT-DE-FRANCE</p>
<ul>
<li><strong>Les équipes soignantes de Martinique et de Purpan (infirmier(e)s, aide-soignant(e)s)).</strong></li>
</ul>
<p>&nbsp;</p>
<p style="text-align: center"><strong><u>Les scientifiques</u></strong></p>
<ul>
<li style="text-align: left"><strong>SORDES Florence</strong></li>
</ul>
<p><strong>Maître de Conférence en Psychopathologie clinique, psychologie de la santé, neurosciences- HDR  à l’Université de Toulouse II-Jean Jaurès</strong></p>
<p><strong>Directrice de thèse de cette recherche </strong></p>
<p>Laboratoire CERPPS, Pôle 3- Université Toulouse le Mirail-5, allées Antonio Machado-31000 Toulouse</p>
<p><strong>Email : </strong><a href="m&#97;&#x69;lt&#x6f;&#x3a;so&#x72;&#x64;es&#x40;&#x75;n&#105;&#x76;&#x2d;t&#108;&#x73;&#x65;2&#46;&#x66;r"><strong>s&#x6f;&#x72;d&#x65;&#x73;&#64;&#x75;&#x6e;i&#118;&#x2d;t&#108;&#x73;e&#50;&#x2e;f&#114;</strong></a></p>
<ul>
<li><strong>Pr BLICHARSKA Teresa</strong></li>
</ul>
<p><strong>Professeur en psychologie du développement à l’Université de Toulouse II-Jean Jaurès</strong></p>
<p><strong>Co-Directrice de thèse</strong></p>
<p>Laboratoire CERPPS, Pôle 2- Psychopathologie développementale &#8211; Bureau 100, Maison de la Recherche- Université de Toulouse II, Jean Jaurès &#8211; 5 Allées Antonio Machado -31058 TOULOUSE Cedex 9</p>
<p><strong>Email </strong>: <strong><a href="&#x6d;&#97;il&#x74;&#x6f;:b&#x6c;&#x69;&#99;ha&#x72;&#115;&#64;u&#x6e;&#x69;&#118;-&#x74;&#x6c;&#115;e2&#x2e;&#x66;r">b&#x6c;ic&#x68;ar&#x73;&#64;&#117;&#x6e;i&#118;&#x2d;t&#108;&#x73;e&#50;&#x2e;f&#114;</a></strong></p>
<ul>
<li><strong>BEAUBRUN EN FAMILLE DIANT Laury</strong></li>
</ul>
<p><strong>Psychologue clinicienne spécialiste de la psychologie de la Santé / Doctorante</strong></p>
<p>Affiliée au laboratoire CERPPS (Centre d’Etudes et de Recherche en Psychopathologie et psychologie de la Santé).</p>
<p><strong>Tél : +33 (0)6.49.63.91.90             </strong></p>
<p style="text-align: center"><strong>     Email : </strong><span style="color: #ff6600"><strong> l</strong></span><strong><a href="m&#97;&#x69;lt&#x6f;&#x3a;La&#x75;&#x72;y&#46;&#x62;&#x65;a&#117;&#x62;&#x72;u&#110;&#x2d;&#x65;n&#45;&#x66;am&#105;&#x6c;le&#x2d;&#x64;ia&#x6e;&#x74;&#64;&#101;&#x74;&#x75;&#46;&#117;&#x6e;&#x69;v&#45;&#x74;&#x6c;s&#101;&#x32;&#46;f&#x72;">&#x61;u&#x72;&#121;&#46;&#x62;e&#x61;&#117;b&#x72;u&#x6e;&#45;e&#x6e;-&#x66;&#x61;m&#x69;&#108;l&#x65;-&#x64;&#105;a&#x6e;t&#x40;&#117;n&#x69;v&#x2d;&#x74;l&#x73;&#101;2&#x2e;f&#x72;</a>  </strong></p>
<p>Maison de la Recherche-Bureau A102b- 5 Allées Antonio Machado- 31058 TOULOUSE- Cedex</p>
<p style="text-align: center"><strong><u>Les partenaires</u></strong></p>
<ul>
<li style="text-align: center"><strong>Fsk:</strong> Prestataire de services- Spécialiste dans l&rsquo;assistance aux personnes stomisées</li>
</ul>
<p>&nbsp;</p>
<hr />
<p style="text-align: center"><strong> </strong><strong>Si vous souhaitez des informations supplémentaires au sujet de cette étude vous pouvez nous contacter  à l’adresse suivante :</strong></p>
<p style="text-align: center"><strong>Maison de la Recherche-</strong></p>
<p style="text-align: center"><strong>5 Allées Antonio Machado- Bureau A102b</strong></p>
<p style="text-align: center"><strong>31058 TOULOUSE</strong></p>
<p style="text-align: center"><strong>06.49.63.91.90</strong></p>
<p style="text-align: center"><strong>r&#x65;c&#104;&#x65;r&#x63;&#x68;e&#x2e;s&#116;&#x6f;m&#105;&#x61;&#64;&#x75;n&#105;&#x76;-&#116;&#x6c;s&#x65;&#x32;&#46;&#x66;r</strong></p>
<hr />
<p style="text-align: center"><span style="color: #ff6600"><strong>Cette recherche est financée par la collectivité territoriale de la Martinique</strong></span></p>
<p style="text-align: center">

<p>Médecins Porteurs de l’étude Pr PORTIER Guillaume Chef du service de chirurgie digestive et coordinateur du programme d’éducation thérapeutique destinés aux patients stomisés Service chirurgie générale et digestive Hôpital Purpan -Place du Docteur Baylac- TSA 40031- 31059 Toulouse Cedex 9 Pr ROUDIÉ Jean Chef du service de chirurgie OB Digestive et viscérale Martinique Service Chirurgie OB Digestive &hellip; <a href="https://blogs.univ-tlse2.fr/stomia/page-d-exemple/" class="more-link">Continuer la lecture de <span class="screen-reader-text">Acteurs de la recherche</span> <span class="meta-nav">&rarr;</span></a></p>
