 {"id":104,"date":"2012-10-30T23:51:21","date_gmt":"2012-10-30T22:51:21","guid":{"rendered":"https:\/\/blogs.univ-tlse2.fr\/tact\/?page_id=104"},"modified":"2014-10-14T02:09:57","modified_gmt":"2014-10-14T00:09:57","slug":"qui-sommes-nous","status":"publish","type":"page","link":"https:\/\/blogs.univ-tlse2.fr\/tact\/qui-sommes-nous\/","title":{"rendered":"Qui sommes-nous ?"},"content":{"rendered":"<p><a href=\"https:\/\/blogs.univ-tlse2.fr\/tact\/files\/2014\/02\/Logo-tact1001.png\"><img loading=\"lazy\" decoding=\"async\" class=\"alignleft size-full wp-image-436\" src=\"https:\/\/blogs.univ-tlse2.fr\/tact\/files\/2014\/02\/Logo-tact1001.png\" alt=\"Logo tact?100\" width=\"100\" height=\"100\" \/><\/a>L\u2019association \u201cTrois Ans et C\u2019est Tout ?\u201d est une toute jeune association n\u00e9e en octobre 2012. Toute jeune, mais d\u00e9j\u00e0 forte d\u2019un constat : les doctorants sont trop souvent isol\u00e9s, abandonn\u00e9s \u00e0 eux-m\u00eames, sans int\u00e9gration dans leurs laboratoires, ni contacts r\u00e9guliers entre eux ; ce qui se solde par de trop nombreux abandons de th\u00e8ses et des situations personnelles difficiles.<\/p>\n<p>Parce que la th\u00e8se est un long travail, que la situation du doctorant est paradoxale (trop vieux pour \u00eatre \u00e9tudiant, mais ne disposant g\u00e9n\u00e9ralement pas d\u2019un m\u00e9tier p\u00e9renne), nous avons d\u00e9cid\u00e9 de fonder cette association afin de cr\u00e9er ce lien qui fait souvent d\u00e9faut entre les doctorants de nos trois \u00e9coles.<\/p>\n<p>Cette association est une structure ouverte \u00e0 tous les doctorants d\u2019Allph@, Clesco et Tesc, ainsi qu\u2019aux doctorants de passage et aux docteurs de l\u2019universit\u00e9.<!--more--><\/p>\n<p><a href=\"http:\/\/allpha.univ-tlse2.fr\/\"><img loading=\"lazy\" decoding=\"async\" class=\"alignleft  wp-image-39\" src=\"https:\/\/blogs.univ-tlse2.fr\/tact\/files\/2012\/10\/logo-2-150x150.png\" alt=\"\" width=\"150\" height=\"150\" \/><\/a><\/p>\n<p><a href=\"http:\/\/clesco.univ-tlse2.fr\/\"><img loading=\"lazy\" decoding=\"async\" class=\"alignleft size-thumbnail wp-image-40\" src=\"https:\/\/blogs.univ-tlse2.fr\/tact\/files\/2012\/10\/logo-1-150x150.png\" alt=\"\" width=\"150\" height=\"150\" \/><\/a><\/p>\n<p>&nbsp;<\/p>\n<p><a href=\"http:\/\/tesc.univ-tlse2.fr\/\"><img loading=\"lazy\" decoding=\"async\" class=\"alignleft size-thumbnail wp-image-41\" src=\"https:\/\/blogs.univ-tlse2.fr\/tact\/files\/2012\/10\/logo-150x102.png\" alt=\"\" width=\"150\" height=\"102\" \/><\/a><\/p>\n<p>&nbsp;<\/p>\n<p>&nbsp;<\/p>\n<p>&nbsp;<\/p>\n<p>&nbsp;<\/p>\n<p><img decoding=\"async\" src=\"https:\/\/blogs.univ-tlse2.fr\/tact\/wp-includes\/js\/tinymce\/plugins\/wpgallery\/img\/t.gif\" alt=\"\" \/>Elle a pour but de\u00a0<strong>favoriser<\/strong>\u00a0:<\/p>\n<p>&#8211; l\u2019aide et\/\u00e0 l\u2019organisation de manifestations scientifiques au sein de la Maison de la Recherche (o\u00f9 s\u2019adresser pour les financements, comment monter des dossiers, r\u00e9server les salles, travailler en lien avec les \u00e9coles doctorales&#8230;) ;<br \/>\n&#8211; l\u2019organisation de projets culturels ouverts sur la soci\u00e9t\u00e9 (Cin\u00e9math\u00e8que, Mus\u00e9um d\u2019histoire naturelle&#8230;) ;<br \/>\n&#8211; des rencontres entre doctorants, entre doctorants et docteurs, etc&#8230;<br \/>\n&#8211; la diffusion des informations qui touchent au doctorat notamment par la mise en place d\u2019un site \u00e0 m\u00eame d\u2019informer les membres des actualit\u00e9s du monde de la recherche (contrats, bourses, financements divers) et d&rsquo;interagir sur nos sujets de recherche ;<br \/>\n&#8211; des moments conviviaux mensuels (soir\u00e9es d\u2019Antith\u00e8ses), des sorties,&#8230;<br \/>\n&#8211; l\u2019aide \u00e0 la publication ;<br \/>\n&#8211; et plus g\u00e9n\u00e9ralement ce que vous comptez en faire ! \ud83d\ude09<\/p>\n<p>Toutefois, l\u2019association n\u2019est\u00a0<strong>PAS<\/strong>\u00a0:<br \/>\n&#8211; repr\u00e9sentative de l\u2019int\u00e9gralit\u00e9 des doctorants des trois ED ;<br \/>\n&#8211; destin\u00e9e \u00e0 aider des doctorants en conflit avec leurs encadrants ;<br \/>\n&#8211; \u00e0 m\u00eame de dialoguer sur tous types de questions avec les ED.<\/p>\n<p>Dans ces trois cas de figures, il vous faut vous adresser aux \u00e9lus doctorants au sein des conseils d\u2019ED et du conseil scientifique qui seront \u00e0 m\u00eame de vous aider.<\/p>\n<p>Pour Allph@ : reallph\u00a0[@] \u00a0univ-tlse2.fr<\/p>\n<p>Pour Clesco : reclesco\u00a0[@] univ-tlse2.fr<\/p>\n<p>Pour TESC :\u00a0<a href=\"https:\/\/blogs.univ-tlse2.fr\/tesc-doctorants\">https:\/\/blogs.univ-tlse2.fr\/tesc-doctorants<\/a><\/p>\n<p>Pour le CS : doctorants.utm\u00a0[@] univ-tlse2.fr<\/p>\n","protected":false},"excerpt":{"rendered":"<p>L\u2019association \u201cTrois Ans et C\u2019est Tout ?\u201d est une toute jeune association n\u00e9e en octobre 2012. Toute jeune, mais d\u00e9j\u00e0 forte d\u2019un constat : les doctorants sont trop souvent isol\u00e9s, abandonn\u00e9s \u00e0 eux-m\u00eames, sans int\u00e9gration dans leurs laboratoires, ni contacts r\u00e9guliers entre eux ; ce qui se solde par de trop nombreux abandons de th\u00e8ses &hellip; <a href=\"https:\/\/blogs.univ-tlse2.fr\/tact\/qui-sommes-nous\/\" class=\"more-link\">Continuer la lecture de <span class=\"screen-reader-text\">Qui sommes-nous ?<\/span>  <span class=\"meta-nav\">&rarr;<\/span><\/a><\/p>\n","protected":false},"author":86,"featured_media":0,"parent":0,"menu_order":0,"comment_status":"open","ping_status":"open","template":"","meta":{"footnotes":""},"class_list":["post-104","page","type-page","status-publish","hentry"],"_links":{"self":[{"href":"https:\/\/blogs.univ-tlse2.fr\/tact\/wp-json\/wp\/v2\/pages\/104","targetHints":{"allow":["GET"]}}],"collection":[{"href":"https:\/\/blogs.univ-tlse2.fr\/tact\/wp-json\/wp\/v2\/pages"}],"about":[{"href":"https:\/\/blogs.univ-tlse2.fr\/tact\/wp-json\/wp\/v2\/types\/page"}],"author":[{"embeddable":true,"href":"https:\/\/blogs.univ-tlse2.fr\/tact\/wp-json\/wp\/v2\/users\/86"}],"replies":[{"embeddable":true,"href":"https:\/\/blogs.univ-tlse2.fr\/tact\/wp-json\/wp\/v2\/comments?post=104"}],"version-history":[{"count":14,"href":"https:\/\/blogs.univ-tlse2.fr\/tact\/wp-json\/wp\/v2\/pages\/104\/revisions"}],"predecessor-version":[{"id":476,"href":"https:\/\/blogs.univ-tlse2.fr\/tact\/wp-json\/wp\/v2\/pages\/104\/revisions\/476"}],"wp:attachment":[{"href":"https:\/\/blogs.univ-tlse2.fr\/tact\/wp-json\/wp\/v2\/media?parent=104"}],"curies":[{"name":"wp","href":"https:\/\/api.w.org\/{rel}","templated":true}]}}