 {"id":421,"date":"2014-02-04T13:01:12","date_gmt":"2014-02-04T12:01:12","guid":{"rendered":"https:\/\/blogs.univ-tlse2.fr\/tact\/?page_id=421"},"modified":"2014-02-04T13:01:12","modified_gmt":"2014-02-04T12:01:12","slug":"bureau-et-college-de-lassociation-20132014","status":"publish","type":"page","link":"https:\/\/blogs.univ-tlse2.fr\/tact\/lassociation\/bureau-et-college-de-lassociation-20132014\/","title":{"rendered":"Bureau et coll\u00e8ge de l\u2019association 2013\/2014"},"content":{"rendered":"<p><strong>Le bureau :\u00a0<\/strong><\/p>\n<p><em>Pr\u00e9sident<\/em> : <a href=\"http:\/\/framespa.univ-tlse2.fr\/actualites\/pratique\/annuaire\/poublanc-sebastien-68642.kjsp?STNAV=&amp;RUBNAV=&amp;RH=annuaire_framespa\">S\u00e9bastien Poublanc<\/a> (Tesc, FRAMESPA) ;<strong><em>\u00a0<\/em><\/strong><em>Vices-pr\u00e9sident(e)<\/em><em>s<\/em> : <a href=\"http:\/\/w3.erss.univ-tlse2.fr:8080\/index.jsp?perso=lalleman&amp;subURL=index.html\">Fanny Lalleman<\/a> (Clesco, CLLE), <a href=\"http:\/\/www.theses.fr\/s80025\">Aur\u00e9lie Delevallee<\/a>\u00a0(Allph@, CAS)<\/p>\n<p><em>Tr\u00e9sorier<\/em> : <a href=\"http:\/\/traces.univ-tlse2.fr\/accueil-traces\/equipes-de-recherche\/equipe-4-protohistoire-mondes-anciens-cultures-et-societes\/soler-matthieu-55842.kjsp?RH=protohistoire_traces\">Matthieu Soler<\/a> (Tesc,TRACES &amp; PHL)<\/p>\n<p><em>Secr\u00e9taire<\/em> : <a href=\"http:\/\/framespa.univ-tlse2.fr\/actualites\/pratique\/annuaire\/annuaire-des-doctorants\/rodrigo-annelise-204118.kjsp?RH=annuaire_framespa\">Annelise Rodrigo<\/a> (Tesc, FRAMESPA)<\/p>\n<p>&nbsp;<\/p>\n<p><strong>Le Coll\u00e8ge de l&rsquo;association (les membres du bureau sont membres du Coll\u00e8ge) :\u00a0<\/strong><\/p>\n<p><a href=\"http:\/\/plh.univ-tlse2.fr\/accueil-plh\/pratique\/l-annuaire\/scapin-mathieu-80968.kjsp?RH=annuaire_PLH\">Mathieu Scapin<\/a> (Tesc, PHL),<a href=\"http:\/\/sms.univ-tlse2.fr\/accueil-sms\/jeunes-chercheurs\/theses-en-cours\/jessica-soler-benonie-207574.kjsp?RH=1350981159731\"> Jessica Soler-Benonie<\/a>\u00a0(Tesc, LISST-CERS), <a href=\"http:\/\/www.theses.fr\/s83478\">Luce Lefeuvre<\/a> (CLESCO, CLLE)<\/p>\n<p>&nbsp;<\/p>\n<p>&nbsp;<\/p>\n","protected":false},"excerpt":{"rendered":"<p>Le bureau :\u00a0 Pr\u00e9sident : S\u00e9bastien Poublanc (Tesc, FRAMESPA) ;\u00a0Vices-pr\u00e9sident(e)s : Fanny Lalleman (Clesco, CLLE), Aur\u00e9lie Delevallee\u00a0(Allph@, CAS) Tr\u00e9sorier : Matthieu Soler (Tesc,TRACES &amp; PHL) Secr\u00e9taire : Annelise Rodrigo (Tesc, FRAMESPA) &nbsp; Le Coll\u00e8ge de l&rsquo;association (les membres du bureau sont membres du Coll\u00e8ge) :\u00a0 Mathieu Scapin (Tesc, PHL), Jessica Soler-Benonie\u00a0(Tesc, LISST-CERS), Luce Lefeuvre (CLESCO, &hellip; <a href=\"https:\/\/blogs.univ-tlse2.fr\/tact\/lassociation\/bureau-et-college-de-lassociation-20132014\/\" class=\"more-link\">Continuer la lecture de <span class=\"screen-reader-text\">Bureau et coll\u00e8ge de l\u2019association 2013\/2014<\/span>  <span class=\"meta-nav\">&rarr;<\/span><\/a><\/p>\n","protected":false},"author":86,"featured_media":0,"parent":38,"menu_order":0,"comment_status":"open","ping_status":"open","template":"","meta":{"footnotes":""},"class_list":["post-421","page","type-page","status-publish","hentry"],"_links":{"self":[{"href":"https:\/\/blogs.univ-tlse2.fr\/tact\/wp-json\/wp\/v2\/pages\/421","targetHints":{"allow":["GET"]}}],"collection":[{"href":"https:\/\/blogs.univ-tlse2.fr\/tact\/wp-json\/wp\/v2\/pages"}],"about":[{"href":"https:\/\/blogs.univ-tlse2.fr\/tact\/wp-json\/wp\/v2\/types\/page"}],"author":[{"embeddable":true,"href":"https:\/\/blogs.univ-tlse2.fr\/tact\/wp-json\/wp\/v2\/users\/86"}],"replies":[{"embeddable":true,"href":"https:\/\/blogs.univ-tlse2.fr\/tact\/wp-json\/wp\/v2\/comments?post=421"}],"version-history":[{"count":1,"href":"https:\/\/blogs.univ-tlse2.fr\/tact\/wp-json\/wp\/v2\/pages\/421\/revisions"}],"predecessor-version":[{"id":422,"href":"https:\/\/blogs.univ-tlse2.fr\/tact\/wp-json\/wp\/v2\/pages\/421\/revisions\/422"}],"up":[{"embeddable":true,"href":"https:\/\/blogs.univ-tlse2.fr\/tact\/wp-json\/wp\/v2\/pages\/38"}],"wp:attachment":[{"href":"https:\/\/blogs.univ-tlse2.fr\/tact\/wp-json\/wp\/v2\/media?parent=421"}],"curies":[{"name":"wp","href":"https:\/\/api.w.org\/{rel}","templated":true}]}}