 {"id":423,"date":"2016-11-10T18:17:34","date_gmt":"2016-11-10T17:17:34","guid":{"rendered":"https:\/\/blogs.univ-tlse2.fr\/tempushistoriae\/?page_id=423"},"modified":"2018-10-28T15:37:46","modified_gmt":"2018-10-28T14:37:46","slug":"nos-thematiques","status":"publish","type":"page","link":"https:\/\/blogs.univ-tlse2.fr\/tempushistoriae\/nos-thematiques\/","title":{"rendered":"Nos th\u00e9matiques"},"content":{"rendered":"<p>Si vous souhaitez proposer une intervention ou simplement sugg\u00e9rer th\u00e9matique qui n&rsquo;aurait pas \u00e9t\u00e9 trait\u00e9e par le pass\u00e9, n&rsquo;h\u00e9sitez pas \u00e0 <a href=\"https:\/\/blogs.univ-tlse2.fr\/tempushistoriae\/contact\/\">nous contacter<\/a> !<\/p>\n<h3>A venir<\/h3>\n<ul>\n<li><a href=\"https:\/\/blogs.univ-tlse2.fr\/tempushistoriae\/2018\/10\/28\/vivre-a-venise-au-temps-des-doges-cafe-debat-du-29-10-2018\/\">Vivre \u00e0 Venise au temps des doges, caf\u00e9-d\u00e9bat du 29\/10\/2018<\/a><\/li>\n<li>Retour vers le Moyen-\u00c2ge, caf\u00e9-d\u00e9bat du 19\/11\/2018<\/li>\n<\/ul>\n<p>&nbsp;<\/p>\n<h3>Trait\u00e9es en 2017-2018<\/h3>\n<ul>\n<li><a href=\"https:\/\/blogs.univ-tlse2.fr\/tempushistoriae\/2017\/11\/18\/horizons-vikings-cafe-debat-du-20-novembre-2017\/\">Horizons Vikings. Des fjords \u00e0 la Volga, caf\u00e9-d\u00e9bat du 20\/11\/2017<\/a><\/li>\n<li><a href=\"https:\/\/blogs.univ-tlse2.fr\/tempushistoriae\/2017\/10\/23\/la-revolution-russe-1917-2017-cafe-debat-du-23-octobre-2017\/\">La r\u00e9volution russe, 1917-2017, caf\u00e9-d\u00e9bat du 22\/10\/2017<\/a><\/li>\n<li><a href=\"https:\/\/blogs.univ-tlse2.fr\/tempushistoriae\/2017\/12\/11\/saint-sernin-mille-ans-dhistoires-cafe-debat-du-18-decembre-2017\/\">Saint-Sernin, mille ans d&rsquo;histoire(s), caf\u00e9-d\u00e9bat du 18\/12\/2017<\/a><\/li>\n<li><a href=\"https:\/\/blogs.univ-tlse2.fr\/tempushistoriae\/2018\/01\/19\/lorient-ancien-terre-dempires-cafe-debat-du-lundi-22-janvier-2018\/\">L&rsquo;Orient ancien, terre d&#8217;empires, caf\u00e9-d\u00e9bat du 22\/01\/2018<\/a><\/li>\n<li><a href=\"https:\/\/blogs.univ-tlse2.fr\/tempushistoriae\/2018\/02\/23\/vers-linfini-et-au-dela-une-histoire-de-la-conquete-spatiale-cafe-debat-du-26-02\/\">Vers l&rsquo;Infini et au-del\u00e0 ! Une histoire de la conqu\u00eate spatiale, caf\u00e9-d\u00e9bat du 26\/02\/2018<\/a><\/li>\n<li><a href=\"https:\/\/blogs.univ-tlse2.fr\/tempushistoriae\/2018\/03\/23\/le-temps-cafe-debat-du-26-mars-2018\/\">Le Temps, caf\u00e9-d\u00e9bat du 26\/03\/2018<\/a><\/li>\n<li><a href=\"https:\/\/blogs.univ-tlse2.fr\/tempushistoriae\/2018\/05\/12\/luniversite-dhier-a-aujourdhui-cafe-debat-du-14-mai-2018\/\">L&rsquo;Universit\u00e9, d&rsquo;hier \u00e0 aujourd&rsquo;hui, caf\u00e9-d\u00e9bat du 14\/05\/2018<\/a><\/li>\n<\/ul>\n<h3>Trait\u00e9es en 2016-2017<\/h3>\n<ul>\n<li><a href=\"https:\/\/blogs.univ-tlse2.fr\/tempushistoriae\/2017\/05\/08\/byzance-apres-byzance\/\">Byzance apr\u00e8s Byzance, caf\u00e9-d\u00e9bat du 15\/05\/2017<\/a><\/li>\n<li><a href=\"https:\/\/blogs.univ-tlse2.fr\/tempushistoriae\/2017\/04\/02\/la-retirada\/\">La <em>Retirada<\/em>, caf\u00e9-d\u00e9bat du 24\/04\/2017<\/a><\/li>\n<li><a href=\"https:\/\/blogs.univ-tlse2.fr\/tempushistoriae\/2017\/02\/25\/paroles-doutre-tombe-cafe-debat-du-21032017\/\">Paroles d&rsquo;outre-tombe, caf\u00e9-d\u00e9bat du 21\/03\/2017<\/a><\/li>\n<li><a href=\"https:\/\/blogs.univ-tlse2.fr\/tempushistoriae\/2017\/01\/26\/le-moyen-age-une-histoire-de-femmes\/\">Le Moyen-\u00c2ge, une histoire de femmes, caf\u00e9-d\u00e9bat du 13\/02\/2017<\/a><\/li>\n<li><a href=\"https:\/\/blogs.univ-tlse2.fr\/tempushistoriae\/2016\/12\/06\/centenaire-de-la-grande-guerre\/\">Centenaire de la Grande Guerre, caf\u00e9-d\u00e9bat du 16\/01\/2017<\/a><\/li>\n<li><a href=\"https:\/\/blogs.univ-tlse2.fr\/tempushistoriae\/2016\/11\/10\/lantiquite-retrouvee\/\">L\u2019Antiquit\u00e9 retrouv\u00e9e, caf\u00e9-d\u00e9bat du 05\/12\/2016<\/a><\/li>\n<li><a href=\"https:\/\/blogs.univ-tlse2.fr\/tempushistoriae\/2016\/10\/12\/histoire-naturelle-du-surnaturel\/\">Histoire naturelle du surnaturel, caf\u00e9-d\u00e9bat du 07\/11\/2016<\/a><\/li>\n<li><a href=\"https:\/\/blogs.univ-tlse2.fr\/tempushistoriae\/2016\/09\/17\/sceaux-et-sigillants\/\">Sceaux et sigillants au Moyen-\u00c2ge, caf\u00e9-d\u00e9bat du 11\/10\/2016<\/a><\/li>\n<li><a href=\"https:\/\/blogs.univ-tlse2.fr\/tempushistoriae\/2016\/09\/17\/le-mirail-belle-histoire\/\">Le Mirail: belle histoire, caf\u00e9-d\u00e9bat du 02\/10\/2016<\/a><\/li>\n<\/ul>\n<h3>Trait\u00e9es en 2015-2016<\/h3>\n<ul>\n<li><a href=\"https:\/\/blogs.univ-tlse2.fr\/tempushistoriae\/2016\/04\/13\/memoires-de-la-traite\/\">M\u00e9moires de la traite, caf\u00e9-d\u00e9bat du 17\/05\/2016<\/a><\/li>\n<li><a href=\"https:\/\/blogs.univ-tlse2.fr\/tempushistoriae\/2016\/04\/01\/genre-et-sexualite\/\">Genre et sexualit\u00e9, caf\u00e9-d\u00e9bat du 12\/04\/2016<\/a><\/li>\n<li><a href=\"https:\/\/blogs.univ-tlse2.fr\/tempushistoriae\/2016\/02\/23\/lantiquite-dans-tous-les-sens\/\">L\u2019Antiquit\u00e9 dans tous les sens, caf\u00e9-d\u00e9bat du 22\/03\/2016<\/a><\/li>\n<li><a href=\"https:\/\/blogs.univ-tlse2.fr\/tempushistoriae\/2016\/01\/24\/defricheurs-du-ciel\/\">D\u00e9fricheurs du ciel, caf\u00e9-d\u00e9bat du 16\/02\/2016<\/a><\/li>\n<li><a href=\"https:\/\/blogs.univ-tlse2.fr\/tempushistoriae\/2015\/12\/26\/musiciens-voyageurs\/\">Musiciens voyageurs, caf\u00e9-d\u00e9bat du 19\/01\/2016<\/a><\/li>\n<li><a href=\"https:\/\/blogs.univ-tlse2.fr\/tempushistoriae\/2015\/11\/27\/au-temps-du-roi-soleil-cafe-debat-du-15122015\/\">Au temps du Roi-Soleil, caf\u00e9-d\u00e9bat du 15\/12\/2015<\/a><\/li>\n<li><a href=\"https:\/\/blogs.univ-tlse2.fr\/tempushistoriae\/2015\/10\/16\/sagas-vikings-cafe-debat-du-17-novembre-2015\/\">Sagas Vikings, caf\u00e9-d\u00e9bat du 17\/11\/2015<\/a><\/li>\n<li><a href=\"https:\/\/blogs.univ-tlse2.fr\/tempushistoriae\/2015\/10\/01\/reves-dorient-cafe-debat-du-20102015\/\">R\u00eaves d\u2019Orient, caf\u00e9-d\u00e9bat du 20\/10\/2015<\/a><\/li>\n<li><a href=\"https:\/\/blogs.univ-tlse2.fr\/tempushistoriae\/2015\/09\/24\/un-dimanche-sur-les-bords-du-lac-de-la-reynerie\/\">Un dimanche sur les bords du lac de la Reynerie, caf\u00e9-d\u00e9bat du 11\/10\/2015<\/a><\/li>\n<li><a href=\"https:\/\/blogs.univ-tlse2.fr\/tempushistoriae\/2015\/09\/02\/rentree-et-cafe-debat-du-22092015\/\">Renaissance et guerres d\u2019Italie, caf\u00e9-d\u00e9bat du 22\/09\/2015<\/a><\/li>\n<\/ul>\n<h3>Trait\u00e9es en 2014-2015<\/h3>\n<ul>\n<li><a href=\"https:\/\/blogs.univ-tlse2.fr\/tempushistoriae\/2015\/05\/26\/cafe-debat-du-09062015\/\">Le Patrimoine, caf\u00e9-d\u00e9bat du 09\/06\/2015<\/a><\/li>\n<li><a href=\"https:\/\/blogs.univ-tlse2.fr\/tempushistoriae\/2015\/05\/05\/cafe-debat-du-12052015\/\">Philosophie et politique, caf\u00e9-d\u00e9bat du 12\/05\/2015<\/a><\/li>\n<li><a href=\"https:\/\/blogs.univ-tlse2.fr\/tempushistoriae\/2015\/04\/14\/cafe-debat-du-14042015\/\">L\u2019\u00e9veil des nations, caf\u00e9-d\u00e9bat du 14\/04\/2015<\/a><\/li>\n<li><a href=\"https:\/\/blogs.univ-tlse2.fr\/tempushistoriae\/2015\/02\/26\/cafe-debat-du-16032015\/\">Guerre et paix, caf\u00e9-d\u00e9bat du 17\/03\/2015<\/a><\/li>\n<li><a href=\"https:\/\/blogs.univ-tlse2.fr\/tempushistoriae\/2015\/02\/23\/cafe-debat-du-24022015\/\">Qu\u2019est-ce que l\u2019Empire, caf\u00e9-d\u00e9bat du 24\/02\/2015<\/a><\/li>\n<li><a href=\"https:\/\/blogs.univ-tlse2.fr\/tempushistoriae\/2015\/01\/19\/cafe-debat-du-26012015\/\">Histoire et musique, caf\u00e9-d\u00e9bat du 26\/01\/2015<\/a><\/li>\n<li><a href=\"https:\/\/blogs.univ-tlse2.fr\/tempushistoriae\/2014\/11\/21\/cafe-debat-du-01122014\/\">La croisade albigeoise, caf\u00e9-d\u00e9bat du 01\/12\/2014<\/a><\/li>\n<li><a href=\"https:\/\/blogs.univ-tlse2.fr\/tempushistoriae\/2014\/10\/08\/cafe-debat-du-04102014\/\">Les intellectuels d\u2019extr\u00eame-droite, caf\u00e9-d\u00e9bat du 04\/11\/2014<\/a><\/li>\n<li><a href=\"https:\/\/blogs.univ-tlse2.fr\/tempushistoriae\/2014\/09\/26\/cafe-debat-du-07102014\/\">Histoire de la prostitution, caf\u00e9-d\u00e9bat du 07\/10\/2014<\/a><\/li>\n<\/ul>\n","protected":false},"excerpt":{"rendered":"<p>Si vous souhaitez proposer une intervention ou simplement sugg\u00e9rer th\u00e9matique qui n&rsquo;aurait pas \u00e9t\u00e9 trait\u00e9e par le pass\u00e9, n&rsquo;h\u00e9sitez pas \u00e0 nous contacter ! A venir Vivre \u00e0 Venise au temps des doges, caf\u00e9-d\u00e9bat du 29\/10\/2018 Retour vers le Moyen-\u00c2ge, caf\u00e9-d\u00e9bat du 19\/11\/2018 &nbsp; Trait\u00e9es en 2017-2018 Horizons Vikings. Des fjords \u00e0 la Volga, caf\u00e9-d\u00e9bat [&hellip;]<\/p>\n","protected":false},"author":249,"featured_media":0,"parent":0,"menu_order":0,"comment_status":"closed","ping_status":"closed","template":"","meta":{"footnotes":""},"class_list":["post-423","page","type-page","status-publish","hentry"],"_links":{"self":[{"href":"https:\/\/blogs.univ-tlse2.fr\/tempushistoriae\/wp-json\/wp\/v2\/pages\/423","targetHints":{"allow":["GET"]}}],"collection":[{"href":"https:\/\/blogs.univ-tlse2.fr\/tempushistoriae\/wp-json\/wp\/v2\/pages"}],"about":[{"href":"https:\/\/blogs.univ-tlse2.fr\/tempushistoriae\/wp-json\/wp\/v2\/types\/page"}],"author":[{"embeddable":true,"href":"https:\/\/blogs.univ-tlse2.fr\/tempushistoriae\/wp-json\/wp\/v2\/users\/249"}],"replies":[{"embeddable":true,"href":"https:\/\/blogs.univ-tlse2.fr\/tempushistoriae\/wp-json\/wp\/v2\/comments?post=423"}],"version-history":[{"count":15,"href":"https:\/\/blogs.univ-tlse2.fr\/tempushistoriae\/wp-json\/wp\/v2\/pages\/423\/revisions"}],"predecessor-version":[{"id":566,"href":"https:\/\/blogs.univ-tlse2.fr\/tempushistoriae\/wp-json\/wp\/v2\/pages\/423\/revisions\/566"}],"wp:attachment":[{"href":"https:\/\/blogs.univ-tlse2.fr\/tempushistoriae\/wp-json\/wp\/v2\/media?parent=423"}],"curies":[{"name":"wp","href":"https:\/\/api.w.org\/{rel}","templated":true}]}}