 {"id":96,"date":"2015-03-17T15:09:26","date_gmt":"2015-03-17T14:09:26","guid":{"rendered":"https:\/\/blogs.univ-tlse2.fr\/tempushistoriae\/?page_id=96"},"modified":"2017-12-03T14:26:48","modified_gmt":"2017-12-03T13:26:48","slug":"les-cafes-en-ligne","status":"publish","type":"page","link":"https:\/\/blogs.univ-tlse2.fr\/tempushistoriae\/les-cafes-en-ligne\/","title":{"rendered":"Ressources num\u00e9riques"},"content":{"rendered":"<p>Outre les affiches de nos \u00e9v\u00e9nements pass\u00e9s et \u00e0 venir, vous trouverez ci-dessous la liste des enregistrements audio de nos caf\u00e9s, ainsi que les ressources documentaires transmises par nos intervenants.<\/p>\n<h3>Les\u00a0affiches des caf\u00e9s mensuels<\/h3>\n<div id='gallery-1' class='gallery galleryid-96 gallery-columns-4 gallery-size-thumbnail'><dl class='gallery-item'>\n\t\t\t<dt class='gallery-icon portrait'>\n\t\t\t\t<a href='https:\/\/blogs.univ-tlse2.fr\/tempushistoriae\/2014\/09\/26\/cafe-debat-du-07102014\/affiche-prostitution\/'><img loading=\"lazy\" decoding=\"async\" width=\"150\" height=\"150\" src=\"https:\/\/blogs.univ-tlse2.fr\/tempushistoriae\/files\/2014\/09\/Affiche-prostitution-150x150.jpg\" class=\"attachment-thumbnail size-thumbnail\" alt=\"\" \/><\/a>\n\t\t\t<\/dt><\/dl><dl class='gallery-item'>\n\t\t\t<dt class='gallery-icon portrait'>\n\t\t\t\t<a href='https:\/\/blogs.univ-tlse2.fr\/tempushistoriae\/2014\/10\/08\/cafe-debat-du-04102014\/affiche-extreme-droite\/'><img loading=\"lazy\" decoding=\"async\" width=\"150\" height=\"150\" src=\"https:\/\/blogs.univ-tlse2.fr\/tempushistoriae\/files\/2014\/10\/Affiche-extreme-droite-150x150.jpg\" class=\"attachment-thumbnail size-thumbnail\" alt=\"\" \/><\/a>\n\t\t\t<\/dt><\/dl><dl class='gallery-item'>\n\t\t\t<dt class='gallery-icon portrait'>\n\t\t\t\t<a href='https:\/\/blogs.univ-tlse2.fr\/tempushistoriae\/2014\/11\/21\/cafe-debat-du-01122014\/affiche\/'><img loading=\"lazy\" decoding=\"async\" width=\"150\" height=\"150\" src=\"https:\/\/blogs.univ-tlse2.fr\/tempushistoriae\/files\/2014\/11\/Affiche-150x150.jpg\" class=\"attachment-thumbnail size-thumbnail\" alt=\"\" \/><\/a>\n\t\t\t<\/dt><\/dl><dl class='gallery-item'>\n\t\t\t<dt class='gallery-icon portrait'>\n\t\t\t\t<a href='https:\/\/blogs.univ-tlse2.fr\/tempushistoriae\/affiche-musique\/'><img loading=\"lazy\" decoding=\"async\" width=\"150\" height=\"150\" src=\"https:\/\/blogs.univ-tlse2.fr\/tempushistoriae\/files\/2015\/06\/Affiche-Musique-150x150.jpg\" class=\"attachment-thumbnail size-thumbnail\" alt=\"\" \/><\/a>\n\t\t\t<\/dt><\/dl><br style=\"clear: both\" \/><dl class='gallery-item'>\n\t\t\t<dt class='gallery-icon portrait'>\n\t\t\t\t<a href='https:\/\/blogs.univ-tlse2.fr\/tempushistoriae\/affiches-premier-jet\/'><img loading=\"lazy\" decoding=\"async\" width=\"150\" height=\"150\" src=\"https:\/\/blogs.univ-tlse2.fr\/tempushistoriae\/files\/2015\/02\/Affiches-premier-jet-150x150.jpg\" class=\"attachment-thumbnail size-thumbnail\" alt=\"\" \/><\/a>\n\t\t\t<\/dt><\/dl><dl class='gallery-item'>\n\t\t\t<dt class='gallery-icon portrait'>\n\t\t\t\t<a href='https:\/\/blogs.univ-tlse2.fr\/tempushistoriae\/guerre-et-paix-17-03-15\/'><img loading=\"lazy\" decoding=\"async\" width=\"150\" height=\"150\" src=\"https:\/\/blogs.univ-tlse2.fr\/tempushistoriae\/files\/2015\/06\/Guerre-et-paix-17.03.15-150x150.png\" class=\"attachment-thumbnail size-thumbnail\" alt=\"\" \/><\/a>\n\t\t\t<\/dt><\/dl><dl class='gallery-item'>\n\t\t\t<dt class='gallery-icon portrait'>\n\t\t\t\t<a href='https:\/\/blogs.univ-tlse2.fr\/tempushistoriae\/affiche_edn\/'><img loading=\"lazy\" decoding=\"async\" width=\"150\" height=\"150\" src=\"https:\/\/blogs.univ-tlse2.fr\/tempushistoriae\/files\/2015\/06\/Affiche_EdN-150x150.png\" class=\"attachment-thumbnail size-thumbnail\" alt=\"\" \/><\/a>\n\t\t\t<\/dt><\/dl><dl class='gallery-item'>\n\t\t\t<dt class='gallery-icon portrait'>\n\t\t\t\t<a href='https:\/\/blogs.univ-tlse2.fr\/tempushistoriae\/affiche_pp\/'><img loading=\"lazy\" decoding=\"async\" width=\"150\" height=\"150\" src=\"https:\/\/blogs.univ-tlse2.fr\/tempushistoriae\/files\/2015\/06\/Affiche_PP-150x150.png\" class=\"attachment-thumbnail size-thumbnail\" alt=\"\" \/><\/a>\n\t\t\t<\/dt><\/dl><br style=\"clear: both\" \/><dl class='gallery-item'>\n\t\t\t<dt class='gallery-icon portrait'>\n\t\t\t\t<a href='https:\/\/blogs.univ-tlse2.fr\/tempushistoriae\/affiche_pat-2\/'><img loading=\"lazy\" decoding=\"async\" width=\"150\" height=\"150\" src=\"https:\/\/blogs.univ-tlse2.fr\/tempushistoriae\/files\/2015\/06\/Affiche_Pat-150x150.png\" class=\"attachment-thumbnail size-thumbnail\" alt=\"\" \/><\/a>\n\t\t\t<\/dt><\/dl><dl class='gallery-item'>\n\t\t\t<dt class='gallery-icon portrait'>\n\t\t\t\t<a href='https:\/\/blogs.univ-tlse2.fr\/tempushistoriae\/affiche_italie_light\/'><img loading=\"lazy\" decoding=\"async\" width=\"150\" height=\"150\" src=\"https:\/\/blogs.univ-tlse2.fr\/tempushistoriae\/files\/2015\/06\/Affiche_Italie_light-150x150.png\" class=\"attachment-thumbnail size-thumbnail\" alt=\"\" \/><\/a>\n\t\t\t<\/dt><\/dl><dl class='gallery-item'>\n\t\t\t<dt class='gallery-icon portrait'>\n\t\t\t\t<a href='https:\/\/blogs.univ-tlse2.fr\/tempushistoriae\/affiche_orient_light\/'><img loading=\"lazy\" decoding=\"async\" width=\"150\" height=\"150\" src=\"https:\/\/blogs.univ-tlse2.fr\/tempushistoriae\/files\/2015\/06\/Affiche_Orient_light-150x150.png\" class=\"attachment-thumbnail size-thumbnail\" alt=\"\" \/><\/a>\n\t\t\t<\/dt><\/dl><dl class='gallery-item'>\n\t\t\t<dt class='gallery-icon portrait'>\n\t\t\t\t<a href='https:\/\/blogs.univ-tlse2.fr\/tempushistoriae\/2015\/10\/16\/sagas-vikings-cafe-debat-du-17-novembre-2015\/affiche_vikings_light_c\/'><img loading=\"lazy\" decoding=\"async\" width=\"150\" height=\"150\" src=\"https:\/\/blogs.univ-tlse2.fr\/tempushistoriae\/files\/2015\/10\/Affiche_Vikings_light_C-150x150.png\" class=\"attachment-thumbnail size-thumbnail\" alt=\"\" \/><\/a>\n\t\t\t<\/dt><\/dl><br style=\"clear: both\" \/><dl class='gallery-item'>\n\t\t\t<dt class='gallery-icon portrait'>\n\t\t\t\t<a href='https:\/\/blogs.univ-tlse2.fr\/tempushistoriae\/2015\/11\/27\/au-temps-du-roi-soleil-cafe-debat-du-15122015\/affiche_lxiv\/'><img loading=\"lazy\" decoding=\"async\" width=\"150\" height=\"150\" src=\"https:\/\/blogs.univ-tlse2.fr\/tempushistoriae\/files\/2015\/11\/Affiche_LXIV-150x150.jpeg\" class=\"attachment-thumbnail size-thumbnail\" alt=\"\" \/><\/a>\n\t\t\t<\/dt><\/dl><dl class='gallery-item'>\n\t\t\t<dt class='gallery-icon portrait'>\n\t\t\t\t<a href='https:\/\/blogs.univ-tlse2.fr\/tempushistoriae\/2015\/12\/26\/musiciens-voyageurs\/affiche_musiciens_light\/'><img loading=\"lazy\" decoding=\"async\" width=\"150\" height=\"150\" src=\"https:\/\/blogs.univ-tlse2.fr\/tempushistoriae\/files\/2015\/12\/Affiche_Musiciens_light-150x150.jpeg\" class=\"attachment-thumbnail size-thumbnail\" alt=\"\" \/><\/a>\n\t\t\t<\/dt><\/dl><dl class='gallery-item'>\n\t\t\t<dt class='gallery-icon portrait'>\n\t\t\t\t<a href='https:\/\/blogs.univ-tlse2.fr\/tempushistoriae\/2016\/01\/24\/defricheurs-du-ciel\/affiche_aviation_light_c\/'><img loading=\"lazy\" decoding=\"async\" width=\"150\" height=\"150\" src=\"https:\/\/blogs.univ-tlse2.fr\/tempushistoriae\/files\/2016\/01\/Affiche_Aviation_light_C-150x150.jpg\" class=\"attachment-thumbnail size-thumbnail\" alt=\"\" \/><\/a>\n\t\t\t<\/dt><\/dl><dl class='gallery-item'>\n\t\t\t<dt class='gallery-icon portrait'>\n\t\t\t\t<a href='https:\/\/blogs.univ-tlse2.fr\/tempushistoriae\/2016\/02\/23\/lantiquite-dans-tous-les-sens\/affiche_sens\/'><img loading=\"lazy\" decoding=\"async\" width=\"150\" height=\"150\" src=\"https:\/\/blogs.univ-tlse2.fr\/tempushistoriae\/files\/2016\/02\/Affiche_Sens-150x150.jpg\" class=\"attachment-thumbnail size-thumbnail\" alt=\"\" \/><\/a>\n\t\t\t<\/dt><\/dl><br style=\"clear: both\" \/><dl class='gallery-item'>\n\t\t\t<dt class='gallery-icon portrait'>\n\t\t\t\t<a href='https:\/\/blogs.univ-tlse2.fr\/tempushistoriae\/2016\/04\/01\/genre-et-sexualite\/affiche_genre\/'><img loading=\"lazy\" decoding=\"async\" width=\"150\" height=\"150\" src=\"https:\/\/blogs.univ-tlse2.fr\/tempushistoriae\/files\/2016\/03\/Affiche_Genre-150x150.jpeg\" class=\"attachment-thumbnail size-thumbnail\" alt=\"\" \/><\/a>\n\t\t\t<\/dt><\/dl><dl class='gallery-item'>\n\t\t\t<dt class='gallery-icon portrait'>\n\t\t\t\t<a href='https:\/\/blogs.univ-tlse2.fr\/tempushistoriae\/2016\/04\/13\/memoires-de-la-traite\/affiche_esclavage\/'><img loading=\"lazy\" decoding=\"async\" width=\"150\" height=\"150\" src=\"https:\/\/blogs.univ-tlse2.fr\/tempushistoriae\/files\/2016\/04\/Affiche_Esclavage-150x150.jpg\" class=\"attachment-thumbnail size-thumbnail\" alt=\"\" \/><\/a>\n\t\t\t<\/dt><\/dl><dl class='gallery-item'>\n\t\t\t<dt class='gallery-icon portrait'>\n\t\t\t\t<a href='https:\/\/blogs.univ-tlse2.fr\/tempushistoriae\/2016\/09\/17\/sceaux-et-sigillants\/affiche_sceaux_2\/'><img loading=\"lazy\" decoding=\"async\" width=\"150\" height=\"150\" src=\"https:\/\/blogs.univ-tlse2.fr\/tempushistoriae\/files\/2016\/09\/Affiche_sceaux_2-150x150.jpg\" class=\"attachment-thumbnail size-thumbnail\" alt=\"\" \/><\/a>\n\t\t\t<\/dt><\/dl><dl class='gallery-item'>\n\t\t\t<dt class='gallery-icon portrait'>\n\t\t\t\t<a href='https:\/\/blogs.univ-tlse2.fr\/tempushistoriae\/2016\/10\/12\/histoire-naturelle-du-surnaturel\/affiche_surnaturel\/'><img loading=\"lazy\" decoding=\"async\" width=\"150\" height=\"150\" src=\"https:\/\/blogs.univ-tlse2.fr\/tempushistoriae\/files\/2016\/10\/Affiche_surnaturel-150x150.jpg\" class=\"attachment-thumbnail size-thumbnail\" alt=\"\" \/><\/a>\n\t\t\t<\/dt><\/dl><br style=\"clear: both\" \/><dl class='gallery-item'>\n\t\t\t<dt class='gallery-icon portrait'>\n\t\t\t\t<a href='https:\/\/blogs.univ-tlse2.fr\/tempushistoriae\/2016\/11\/10\/lantiquite-retrouvee\/affiche_antiquite\/'><img loading=\"lazy\" decoding=\"async\" width=\"150\" height=\"150\" src=\"https:\/\/blogs.univ-tlse2.fr\/tempushistoriae\/files\/2016\/11\/Affiche_antiquite-150x150.jpg\" class=\"attachment-thumbnail size-thumbnail\" alt=\"\" \/><\/a>\n\t\t\t<\/dt><\/dl><dl class='gallery-item'>\n\t\t\t<dt class='gallery-icon portrait'>\n\t\t\t\t<a href='https:\/\/blogs.univ-tlse2.fr\/tempushistoriae\/2016\/12\/06\/centenaire-de-la-grande-guerre\/affiche_pgm\/'><img loading=\"lazy\" decoding=\"async\" width=\"150\" height=\"150\" src=\"https:\/\/blogs.univ-tlse2.fr\/tempushistoriae\/files\/2016\/12\/Affiche_PGM-150x150.jpg\" class=\"attachment-thumbnail size-thumbnail\" alt=\"\" \/><\/a>\n\t\t\t<\/dt><\/dl><dl class='gallery-item'>\n\t\t\t<dt class='gallery-icon portrait'>\n\t\t\t\t<a href='https:\/\/blogs.univ-tlse2.fr\/tempushistoriae\/2017\/01\/26\/le-moyen-age-une-histoire-de-femmes\/affiche_femmes\/'><img loading=\"lazy\" decoding=\"async\" width=\"150\" height=\"150\" src=\"https:\/\/blogs.univ-tlse2.fr\/tempushistoriae\/files\/2017\/01\/Affiche_Femmes-150x150.jpg\" class=\"attachment-thumbnail size-thumbnail\" alt=\"\" \/><\/a>\n\t\t\t<\/dt><\/dl><dl class='gallery-item'>\n\t\t\t<dt class='gallery-icon portrait'>\n\t\t\t\t<a href='https:\/\/blogs.univ-tlse2.fr\/tempushistoriae\/2017\/02\/25\/paroles-doutre-tombe-cafe-debat-du-21032017\/affiche_paroles\/'><img loading=\"lazy\" decoding=\"async\" width=\"150\" height=\"150\" src=\"https:\/\/blogs.univ-tlse2.fr\/tempushistoriae\/files\/2017\/02\/Affiche_Paroles-150x150.jpg\" class=\"attachment-thumbnail size-thumbnail\" alt=\"\" \/><\/a>\n\t\t\t<\/dt><\/dl><br style=\"clear: both\" \/><dl class='gallery-item'>\n\t\t\t<dt class='gallery-icon portrait'>\n\t\t\t\t<a href='https:\/\/blogs.univ-tlse2.fr\/tempushistoriae\/les-cafes-en-ligne\/affiche_retirada\/'><img loading=\"lazy\" decoding=\"async\" width=\"150\" height=\"150\" src=\"https:\/\/blogs.univ-tlse2.fr\/tempushistoriae\/files\/2015\/03\/Affiche_Retirada-150x150.jpg\" class=\"attachment-thumbnail size-thumbnail\" alt=\"\" \/><\/a>\n\t\t\t<\/dt><\/dl><dl class='gallery-item'>\n\t\t\t<dt class='gallery-icon portrait'>\n\t\t\t\t<a href='https:\/\/blogs.univ-tlse2.fr\/tempushistoriae\/2017\/05\/08\/byzance-apres-byzance\/affiche_byzance\/'><img loading=\"lazy\" decoding=\"async\" width=\"150\" height=\"150\" src=\"https:\/\/blogs.univ-tlse2.fr\/tempushistoriae\/files\/2017\/05\/Affiche_Byzance-150x150.jpg\" class=\"attachment-thumbnail size-thumbnail\" alt=\"\" \/><\/a>\n\t\t\t<\/dt><\/dl><dl class='gallery-item'>\n\t\t\t<dt class='gallery-icon portrait'>\n\t\t\t\t<a href='https:\/\/blogs.univ-tlse2.fr\/tempushistoriae\/2017\/10\/23\/la-revolution-russe-1917-2017-cafe-debat-du-23-octobre-2017\/22368746_10209437257158977_1321739926_o\/'><img loading=\"lazy\" decoding=\"async\" width=\"150\" height=\"150\" src=\"https:\/\/blogs.univ-tlse2.fr\/tempushistoriae\/files\/2017\/10\/22368746_10209437257158977_1321739926_o-150x150.jpg\" class=\"attachment-thumbnail size-thumbnail\" alt=\"\" \/><\/a>\n\t\t\t<\/dt><\/dl><dl class='gallery-item'>\n\t\t\t<dt class='gallery-icon portrait'>\n\t\t\t\t<a href='https:\/\/blogs.univ-tlse2.fr\/tempushistoriae\/2017\/11\/18\/horizons-vikings-cafe-debat-du-20-novembre-2017\/affiche-horizons-vikings\/'><img loading=\"lazy\" decoding=\"async\" width=\"150\" height=\"150\" src=\"https:\/\/blogs.univ-tlse2.fr\/tempushistoriae\/files\/2017\/11\/Affiche-Horizons-Vikings-150x150.jpg\" class=\"attachment-thumbnail size-thumbnail\" alt=\"\" \/><\/a>\n\t\t\t<\/dt><\/dl><br style=\"clear: both\" \/>\n\t\t<\/div>\n\n<h3>Enregistrements audio<\/h3>\n<ul>\n<li><a href=\"https:\/\/www.youtube.com\/watch?v=RyOYHSSx5QI\">Caf\u00e9 du 20\/10\/2015 &#8211; R\u00eaves d&rsquo;Orient<\/a><\/li>\n<li><a href=\"https:\/\/www.youtube.com\/watch?v=fZ-YmrFQCoE\">Caf\u00e9 du 17\/11\/2015 &#8211; Sagas Vikings<\/a><\/li>\n<li><a href=\"https:\/\/www.youtube.com\/watch?v=FhhrjyRq-zY\">Caf\u00e9 du 15\/12\/2015 &#8211; Au Temps du Roi-Soleil<\/a><\/li>\n<li><a href=\"https:\/\/www.youtube.com\/watch?v=Z3xstvuGG_I\">Caf\u00e9 du 19\/01\/2016 &#8211; Musiciens voyageurs<\/a><\/li>\n<li><a href=\"https:\/\/www.youtube.com\/watch?v=ThxH7BOER_4\">Caf\u00e9 du 16\/02\/2016 &#8211; D\u00e9fricheurs du ciel<\/a><\/li>\n<li><a href=\"https:\/\/www.youtube.com\/watch?v=X627FI0pcc8\">Caf\u00e9 du 12\/04\/2016 &#8211; Genre et sexualit\u00e9<\/a><\/li>\n<li><a href=\"https:\/\/www.youtube.com\/watch?v=n0fTMqY4TI8\">Caf\u00e9 du 17\/05\/2016 &#8211; M\u00e9moires de la traite<\/a><\/li>\n<li><a href=\"https:\/\/www.youtube.com\/watch?v=dh9VDC3_DgY\">Caf\u00e9 du 07\/11\/2016 &#8211; Histoire naturelle du surnaturel<\/a> (enregistrement partiel)<\/li>\n<li><a href=\"https:\/\/www.youtube.com\/watch?v=pyn7VCn3QEA\">Caf\u00e9 du 05\/12\/2016 &#8211; L&rsquo;Antiquit\u00e9 retrouv\u00e9e<\/a><\/li>\n<li><a href=\"https:\/\/www.youtube.com\/watch?v=j4qW8rc26m0\">Caf\u00e9 du 16\/01\/2017 &#8211; Centenaire de la Grande Guerre<\/a><\/li>\n<li><a href=\"https:\/\/www.youtube.com\/watch?v=YLqm1bIB_pE\">Caf\u00e9 du 13\/02\/2017 &#8211; Le Moyen-\u00c2ge, une histoire de femmes<\/a><\/li>\n<li><a href=\"https:\/\/www.youtube.com\/watch?v=rPcfA6WlAKA\">Caf\u00e9 du 21\/03\/2017 &#8211; Paroles d&rsquo;outre-tombe<\/a><\/li>\n<li><a href=\"https:\/\/www.youtube.com\/watch?v=n0Np9dimqlg\">Caf\u00e9 du 22\/10\/2017 &#8211; La R\u00e9volution russe, 1917-2017<\/a><\/li>\n<\/ul>\n<h3>Supports de pr\u00e9sentation et bibliographies<\/h3>\n<ul>\n<li><a href=\"https:\/\/blogs.univ-tlse2.fr\/tempushistoriae\/files\/2015\/03\/Quest-ce-que-lEmpire_alternative.pdf\">Caf\u00e9 du 24\/02\/2015 &#8211; Qu&rsquo;est-ce que l&rsquo;Empire ?<\/a><\/li>\n<li><a title=\"Caf\u00e9 du 14\/03\/2015 - L'Eveil des Nations\" href=\"https:\/\/blogs.univ-tlse2.fr\/tempushistoriae\/files\/2015\/03\/TH_14_04_2015_Djibouti_Biblio.pdf\">Caf\u00e9 du 14\/04\/2015 &#8211; L&rsquo;Eveil des Nations<\/a><\/li>\n<li><a href=\"https:\/\/blogs.univ-tlse2.fr\/tempushistoriae\/files\/2015\/03\/Caf\u00e9_M\u00e9tropole_2015.pdf\">Caf\u00e9 du 11\/10\/2015 &#8211; Le respect du patrimoine<\/a><\/li>\n<li>Caf\u00e9 du 20\/10\/2015 &#8211; R\u00eaves d&rsquo;Orient :\n<ul>\n<li><a href=\"https:\/\/blogs.univ-tlse2.fr\/tempushistoriae\/files\/2015\/03\/R\u00eaves-dOrient-Sofia-Redon.pdf\"> Les peintres voyageurs fran\u00e7ais \u00e0 Constantinople au XVIIIe si\u00e8cle<\/a><\/li>\n<li><a href=\"https:\/\/blogs.univ-tlse2.fr\/tempushistoriae\/files\/2015\/03\/R\u00eaves-dOrient-Marl\u00e8ne-Lespes.pdf\">De l&rsquo;orientalisme \u00e0 l&rsquo;art colonial : du r\u00eave \u00e0 la r\u00e9alit\u00e9 ?<\/a><\/li>\n<\/ul>\n<\/li>\n<li><a href=\"https:\/\/blogs.univ-tlse2.fr\/tempushistoriae\/files\/2015\/11\/Les-femmes-vikings.pdf\">Caf\u00e9 du 17\/11\/2015 &#8211; Sagas Vikings<\/a><\/li>\n<li>Caf\u00e9 du 19\/01\/2016 &#8211; Musiciens voyageurs :\n<ul>\n<li><a href=\"https:\/\/blogs.univ-tlse2.fr\/tempushistoriae\/files\/2015\/12\/Musiciens-en-circulation.pdf\" rel=\"\">Musiciens en circulation<\/a><\/li>\n<li><a href=\"https:\/\/blogs.univ-tlse2.fr\/tempushistoriae\/files\/2015\/03\/Les-raisons-du-voyage.pdf\" rel=\"\">Les raisons du voyage<\/a><\/li>\n<\/ul>\n<\/li>\n<li>Caf\u00e9 du 16\/02\/2016 &#8211; D\u00e9fricheurs du ciel :\n<ul>\n<li><a href=\"https:\/\/blogs.univ-tlse2.fr\/tempushistoriae\/files\/2016\/01\/Itin\u00e9raires-des-pionniers-de-l\u2019aviation.pdf\" rel=\"\">Itin\u00e9raires des pionniers de l\u2019aviation<\/a><\/li>\n<li><a href=\"https:\/\/blogs.univ-tlse2.fr\/tempushistoriae\/files\/2016\/01\/L\u2019aviation-militaire-italienne-entre-1900-et-1940.pdf\" rel=\"\">L\u2019aviation militaire italienne entre 1900 et 1940<\/a><\/li>\n<\/ul>\n<\/li>\n<li>Caf\u00e9 du 22\/03\/2016 &#8211; L&rsquo;Antiquit\u00e9 dans tous les sens :\n<ul>\n<li><a href=\"https:\/\/blogs.univ-tlse2.fr\/tempushistoriae\/files\/2016\/02\/Laspective-dans-lart-grec.pdf\" rel=\"\">L&rsquo;aspective dans l&rsquo;art grec<\/a><\/li>\n<li><a href=\"https:\/\/blogs.univ-tlse2.fr\/tempushistoriae\/files\/2016\/02\/Les-portraits-fun\u00e9raires-du-Fayoum_mod.pdf\" rel=\"\">Les portraits fun\u00e9raires du Fayoum<\/a><\/li>\n<\/ul>\n<\/li>\n<li>Caf\u00e9 du 12\/04\/2016 &#8211; Genre et sexualit\u00e9 :\n<ul>\n<li><a href=\"https:\/\/blogs.univ-tlse2.fr\/tempushistoriae\/files\/2016\/04\/Socrate-et-lamour-grec.pdf\" rel=\"\">Socrate et l&rsquo;amour grec<\/a><\/li>\n<\/ul>\n<\/li>\n<li>Caf\u00e9 du 17\/05\/2016 &#8211; M\u00e9moires de la traite :\n<ul>\n<li><a href=\"https:\/\/blogs.univ-tlse2.fr\/tempushistoriae\/files\/2016\/04\/M\u00e9moire-de-la-traite-en-France.pdf\">M\u00e9moire de la traite transatlantique en France<\/a><\/li>\n<li><a href=\"https:\/\/blogs.univ-tlse2.fr\/tempushistoriae\/files\/2016\/04\/M\u00e9moire-de-la-traite-\u00e0-Cuba.pdf\">Construction de la m\u00e9moire historique de l\u2019esclavage \u00e0 Cuba<\/a><\/li>\n<\/ul>\n<\/li>\n<li>Caf\u00e9 du 07\/11\/2016 &#8211; Histoire naturelle du surnaturel:\n<ul>\n<li><a href=\"https:\/\/blogs.univ-tlse2.fr\/tempushistoriae\/files\/2016\/10\/Rennes-le-Ch\u00e2teau-entre-Histoire-et-histoires_light.pdf\">Rennes-le-Ch\u00e2teau, entre Histoire et histoires<\/a><\/li>\n<li><a href=\"https:\/\/blogs.univ-tlse2.fr\/tempushistoriae\/files\/2016\/10\/Quand-la-l\u00e9gende-se-m\u00eale-\u00e0-l\u2019Histoire.pdf\">Quand la l\u00e9gende se m\u00eale \u00e0 l&rsquo;histoire<\/a><\/li>\n<\/ul>\n<\/li>\n<li>Caf\u00e9 du 05\/12\/2016 &#8211; L&rsquo;Antiquit\u00e9 retrouv\u00e9e:\n<ul>\n<li><a href=\"https:\/\/blogs.univ-tlse2.fr\/tempushistoriae\/files\/2016\/11\/Il-n\u2019est-pas-besoin-de-nommer-Cl\u00e9op\u00e2tre.pdf\">Il n&rsquo;est pas besoin de nommer Cl\u00e9op\u00e2tre<\/a><\/li>\n<li><a href=\"https:\/\/blogs.univ-tlse2.fr\/tempushistoriae\/files\/2016\/11\/D\u00e9couverte-et-r\u00e9ception-dHerculanum-et-Pomp\u00e9i.pdf\">La d\u00e9couverte et la r\u00e9ception des sites d&rsquo;Herculanum et Pomp\u00e9i<\/a><\/li>\n<\/ul>\n<\/li>\n<li>Caf\u00e9 du 13\/02\/2017 &#8211; Le Moyen-\u00c2ge, une histoire de femmes\n<ul>\n<li><a href=\"https:\/\/blogs.univ-tlse2.fr\/tempushistoriae\/files\/2017\/01\/pdF-Personnages-antiques-f\u00e9minins-au-XVe-si\u00e8cle.pdf\">La repr\u00e9sentation des personnages f\u00e9minins antiques au XVe si\u00e8cle<\/a><\/li>\n<\/ul>\n<\/li>\n<li>Caf\u00e9 du 21\/03\/2017 &#8211; Paroles d&rsquo;outre-tombe\n<ul>\n<li><a href=\"https:\/\/blogs.univ-tlse2.fr\/tempushistoriae\/files\/2017\/02\/Intro-caf\u00e9-outre-tombe.pdf\">Introduction<\/a><\/li>\n<li><a href=\"https:\/\/drive.google.com\/open?id=0B4bIYB_MYzyDYi1XaDBGbklkWW8\">L&rsquo;imagerie fun\u00e9raire<\/a><\/li>\n<\/ul>\n<\/li>\n<li>Caf\u00e9 du 22\/10\/2017 &#8211; La R\u00e9volution russe, 1917-2017<\/li>\n<\/ul>\n","protected":false},"excerpt":{"rendered":"<p>Outre les affiches de nos \u00e9v\u00e9nements pass\u00e9s et \u00e0 venir, vous trouverez ci-dessous la liste des enregistrements audio de nos caf\u00e9s, ainsi que les ressources documentaires transmises par nos intervenants. Les\u00a0affiches des caf\u00e9s mensuels Enregistrements audio Caf\u00e9 du 20\/10\/2015 &#8211; R\u00eaves d&rsquo;Orient Caf\u00e9 du 17\/11\/2015 &#8211; Sagas Vikings Caf\u00e9 du 15\/12\/2015 &#8211; Au Temps du [&hellip;]<\/p>\n","protected":false},"author":249,"featured_media":0,"parent":0,"menu_order":0,"comment_status":"closed","ping_status":"closed","template":"","meta":{"footnotes":""},"class_list":["post-96","page","type-page","status-publish","hentry"],"_links":{"self":[{"href":"https:\/\/blogs.univ-tlse2.fr\/tempushistoriae\/wp-json\/wp\/v2\/pages\/96","targetHints":{"allow":["GET"]}}],"collection":[{"href":"https:\/\/blogs.univ-tlse2.fr\/tempushistoriae\/wp-json\/wp\/v2\/pages"}],"about":[{"href":"https:\/\/blogs.univ-tlse2.fr\/tempushistoriae\/wp-json\/wp\/v2\/types\/page"}],"author":[{"embeddable":true,"href":"https:\/\/blogs.univ-tlse2.fr\/tempushistoriae\/wp-json\/wp\/v2\/users\/249"}],"replies":[{"embeddable":true,"href":"https:\/\/blogs.univ-tlse2.fr\/tempushistoriae\/wp-json\/wp\/v2\/comments?post=96"}],"version-history":[{"count":40,"href":"https:\/\/blogs.univ-tlse2.fr\/tempushistoriae\/wp-json\/wp\/v2\/pages\/96\/revisions"}],"predecessor-version":[{"id":540,"href":"https:\/\/blogs.univ-tlse2.fr\/tempushistoriae\/wp-json\/wp\/v2\/pages\/96\/revisions\/540"}],"wp:attachment":[{"href":"https:\/\/blogs.univ-tlse2.fr\/tempushistoriae\/wp-json\/wp\/v2\/media?parent=96"}],"curies":[{"name":"wp","href":"https:\/\/api.w.org\/{rel}","templated":true}]}}