 {"id":169,"date":"2025-06-04T22:48:07","date_gmt":"2025-06-04T20:48:07","guid":{"rendered":"https:\/\/blogs.univ-tlse2.fr\/transitions-photography\/?page_id=169"},"modified":"2025-06-05T00:34:34","modified_gmt":"2025-06-04T22:34:34","slug":"la-fille-de-linspectrice","status":"publish","type":"page","link":"https:\/\/blogs.univ-tlse2.fr\/transitions-photography\/la-fille-de-linspectrice\/","title":{"rendered":"La fille de l&rsquo;inspectrice"},"content":{"rendered":"<p style=\"text-align: center\"><em>J&rsquo;ai pr\u00e9sent\u00e9<\/em> La fille de l&rsquo;inspectrice <em>\u00e0 l&rsquo;exposition \u00e9ph\u00e9m\u00e8re de fin de stage avec Olivier Metzger en ao\u00fbt 2021. Olivier nous a appris comment cr\u00e9er notre propre lumi\u00e8re et photographier avec \u00e9clairage de studio en toute circonstance, en plein cagnard en ext\u00e9rieur ou pour rendre une ambiance&#8230; toute personnelle.<\/em><\/p>\n<p style=\"text-align: center\"><em>J&rsquo;ai d\u00e9couvert le travail d&rsquo;Olivier dans le catalogue d&rsquo;une exposition \u00e0 laquelle il avait particip\u00e9 au Ch\u00e2teau d&rsquo;eau \u00e0 Toulouse, quelques ann\u00e9es avant mon arriv\u00e9e \u00e0 Toulouse. J&rsquo;ai eu la chance de le conna\u00eetre et d&rsquo;assister \u00e0 ce stage. Olivier a \u00e9t\u00e9 victime d&rsquo;un accident de la route en novembre 2022.<\/em><\/p>\n\n\n<figure class=\"wp-block-gallery alignwide has-nested-images columns-default wp-block-gallery-1 is-layout-flex wp-block-gallery-is-layout-flex\">\n<figure class=\"wp-block-image size-large\"><img loading=\"lazy\" decoding=\"async\" width=\"683\" height=\"1024\" data-id=\"171\" src=\"https:\/\/blogs.univ-tlse2.fr\/transitions-photography\/files\/2025\/06\/huber-daniel-2021-03-1-683x1024.jpg\" alt=\"\" class=\"wp-image-171\" srcset=\"https:\/\/blogs.univ-tlse2.fr\/transitions-photography\/files\/2025\/06\/huber-daniel-2021-03-1-683x1024.jpg 683w, https:\/\/blogs.univ-tlse2.fr\/transitions-photography\/files\/2025\/06\/huber-daniel-2021-03-1-200x300.jpg 200w, https:\/\/blogs.univ-tlse2.fr\/transitions-photography\/files\/2025\/06\/huber-daniel-2021-03-1-100x150.jpg 100w, https:\/\/blogs.univ-tlse2.fr\/transitions-photography\/files\/2025\/06\/huber-daniel-2021-03-1-768x1152.jpg 768w, https:\/\/blogs.univ-tlse2.fr\/transitions-photography\/files\/2025\/06\/huber-daniel-2021-03-1-1024x1536.jpg 1024w, https:\/\/blogs.univ-tlse2.fr\/transitions-photography\/files\/2025\/06\/huber-daniel-2021-03-1-1365x2048.jpg 1365w, https:\/\/blogs.univ-tlse2.fr\/transitions-photography\/files\/2025\/06\/huber-daniel-2021-03-1-scaled.jpg 1706w\" sizes=\"auto, (max-width: 683px) 100vw, 683px\" \/><\/figure>\n\n\n\n<figure class=\"wp-block-image size-large\"><img loading=\"lazy\" decoding=\"async\" width=\"683\" height=\"1024\" data-id=\"64\" src=\"https:\/\/blogs.univ-tlse2.fr\/transitions-photography\/files\/2025\/06\/huber-daniel-2021-02-683x1024.jpg\" alt=\"\" class=\"wp-image-64\" srcset=\"https:\/\/blogs.univ-tlse2.fr\/transitions-photography\/files\/2025\/06\/huber-daniel-2021-02-683x1024.jpg 683w, https:\/\/blogs.univ-tlse2.fr\/transitions-photography\/files\/2025\/06\/huber-daniel-2021-02-200x300.jpg 200w, https:\/\/blogs.univ-tlse2.fr\/transitions-photography\/files\/2025\/06\/huber-daniel-2021-02-768x1152.jpg 768w, https:\/\/blogs.univ-tlse2.fr\/transitions-photography\/files\/2025\/06\/huber-daniel-2021-02-1024x1536.jpg 1024w, https:\/\/blogs.univ-tlse2.fr\/transitions-photography\/files\/2025\/06\/huber-daniel-2021-02-1365x2048.jpg 1365w, https:\/\/blogs.univ-tlse2.fr\/transitions-photography\/files\/2025\/06\/huber-daniel-2021-02-scaled.jpg 1706w\" sizes=\"auto, (max-width: 683px) 100vw, 683px\" \/><\/figure>\n\n\n\n<figure class=\"wp-block-image size-large\"><img loading=\"lazy\" decoding=\"async\" width=\"682\" height=\"1024\" data-id=\"67\" src=\"https:\/\/blogs.univ-tlse2.fr\/transitions-photography\/files\/2025\/06\/huber-daniel-2021-05-682x1024.jpg\" alt=\"\" class=\"wp-image-67\" srcset=\"https:\/\/blogs.univ-tlse2.fr\/transitions-photography\/files\/2025\/06\/huber-daniel-2021-05-682x1024.jpg 682w, https:\/\/blogs.univ-tlse2.fr\/transitions-photography\/files\/2025\/06\/huber-daniel-2021-05-200x300.jpg 200w, https:\/\/blogs.univ-tlse2.fr\/transitions-photography\/files\/2025\/06\/huber-daniel-2021-05-768x1152.jpg 768w, https:\/\/blogs.univ-tlse2.fr\/transitions-photography\/files\/2025\/06\/huber-daniel-2021-05-1024x1536.jpg 1024w, https:\/\/blogs.univ-tlse2.fr\/transitions-photography\/files\/2025\/06\/huber-daniel-2021-05-1365x2048.jpg 1365w, https:\/\/blogs.univ-tlse2.fr\/transitions-photography\/files\/2025\/06\/huber-daniel-2021-05-scaled.jpg 1706w\" sizes=\"auto, (max-width: 682px) 100vw, 682px\" \/><\/figure>\n\n\n\n<figure class=\"wp-block-image size-large\"><img loading=\"lazy\" decoding=\"async\" width=\"682\" height=\"1024\" data-id=\"66\" src=\"https:\/\/blogs.univ-tlse2.fr\/transitions-photography\/files\/2025\/06\/huber-daniel-2021-04-682x1024.jpg\" alt=\"\" class=\"wp-image-66\" srcset=\"https:\/\/blogs.univ-tlse2.fr\/transitions-photography\/files\/2025\/06\/huber-daniel-2021-04-682x1024.jpg 682w, https:\/\/blogs.univ-tlse2.fr\/transitions-photography\/files\/2025\/06\/huber-daniel-2021-04-200x300.jpg 200w, https:\/\/blogs.univ-tlse2.fr\/transitions-photography\/files\/2025\/06\/huber-daniel-2021-04-768x1152.jpg 768w, https:\/\/blogs.univ-tlse2.fr\/transitions-photography\/files\/2025\/06\/huber-daniel-2021-04-1024x1536.jpg 1024w, https:\/\/blogs.univ-tlse2.fr\/transitions-photography\/files\/2025\/06\/huber-daniel-2021-04-1365x2048.jpg 1365w, https:\/\/blogs.univ-tlse2.fr\/transitions-photography\/files\/2025\/06\/huber-daniel-2021-04-scaled.jpg 1706w\" sizes=\"auto, (max-width: 682px) 100vw, 682px\" \/><\/figure>\n\n\n\n<figure class=\"wp-block-image size-large\"><img loading=\"lazy\" decoding=\"async\" width=\"683\" height=\"1024\" data-id=\"63\" src=\"https:\/\/blogs.univ-tlse2.fr\/transitions-photography\/files\/2025\/06\/huber-daniel-2021-01-683x1024.jpg\" alt=\"\" class=\"wp-image-63\" srcset=\"https:\/\/blogs.univ-tlse2.fr\/transitions-photography\/files\/2025\/06\/huber-daniel-2021-01-683x1024.jpg 683w, https:\/\/blogs.univ-tlse2.fr\/transitions-photography\/files\/2025\/06\/huber-daniel-2021-01-200x300.jpg 200w, https:\/\/blogs.univ-tlse2.fr\/transitions-photography\/files\/2025\/06\/huber-daniel-2021-01-768x1152.jpg 768w, https:\/\/blogs.univ-tlse2.fr\/transitions-photography\/files\/2025\/06\/huber-daniel-2021-01-1024x1536.jpg 1024w, https:\/\/blogs.univ-tlse2.fr\/transitions-photography\/files\/2025\/06\/huber-daniel-2021-01-1365x2048.jpg 1365w, https:\/\/blogs.univ-tlse2.fr\/transitions-photography\/files\/2025\/06\/huber-daniel-2021-01-scaled.jpg 1706w\" sizes=\"auto, (max-width: 683px) 100vw, 683px\" \/><\/figure>\n\n\n\n<figure class=\"wp-block-image size-large\"><img loading=\"lazy\" decoding=\"async\" width=\"1024\" height=\"724\" data-id=\"68\" src=\"https:\/\/blogs.univ-tlse2.fr\/transitions-photography\/files\/2025\/06\/huber-daniel-2021-06-1024x724.jpg\" alt=\"\" class=\"wp-image-68\" srcset=\"https:\/\/blogs.univ-tlse2.fr\/transitions-photography\/files\/2025\/06\/huber-daniel-2021-06-1024x724.jpg 1024w, https:\/\/blogs.univ-tlse2.fr\/transitions-photography\/files\/2025\/06\/huber-daniel-2021-06-300x212.jpg 300w, https:\/\/blogs.univ-tlse2.fr\/transitions-photography\/files\/2025\/06\/huber-daniel-2021-06-768x543.jpg 768w, https:\/\/blogs.univ-tlse2.fr\/transitions-photography\/files\/2025\/06\/huber-daniel-2021-06-1536x1086.jpg 1536w, https:\/\/blogs.univ-tlse2.fr\/transitions-photography\/files\/2025\/06\/huber-daniel-2021-06-2048x1448.jpg 2048w\" sizes=\"auto, (max-width: 1024px) 100vw, 1024px\" \/><\/figure>\n<\/figure>\n","protected":false},"excerpt":{"rendered":"<p>J&rsquo;ai pr\u00e9sent\u00e9 La fille de l&rsquo;inspectrice \u00e0 l&rsquo;exposition \u00e9ph\u00e9m\u00e8re de fin de stage avec Olivier Metzger en ao\u00fbt 2021. Olivier nous a appris comment cr\u00e9er notre propre lumi\u00e8re et photographier avec \u00e9clairage de studio en toute circonstance, en plein cagnard en ext\u00e9rieur ou pour rendre une ambiance&#8230; toute personnelle. J&rsquo;ai d\u00e9couvert le travail d&rsquo;Olivier dans [&hellip;]<\/p>\n","protected":false},"author":1529,"featured_media":68,"parent":0,"menu_order":0,"comment_status":"closed","ping_status":"closed","template":"","meta":{"footnotes":""},"class_list":["post-169","page","type-page","status-publish","has-post-thumbnail","hentry"],"_links":{"self":[{"href":"https:\/\/blogs.univ-tlse2.fr\/transitions-photography\/wp-json\/wp\/v2\/pages\/169","targetHints":{"allow":["GET"]}}],"collection":[{"href":"https:\/\/blogs.univ-tlse2.fr\/transitions-photography\/wp-json\/wp\/v2\/pages"}],"about":[{"href":"https:\/\/blogs.univ-tlse2.fr\/transitions-photography\/wp-json\/wp\/v2\/types\/page"}],"author":[{"embeddable":true,"href":"https:\/\/blogs.univ-tlse2.fr\/transitions-photography\/wp-json\/wp\/v2\/users\/1529"}],"replies":[{"embeddable":true,"href":"https:\/\/blogs.univ-tlse2.fr\/transitions-photography\/wp-json\/wp\/v2\/comments?post=169"}],"version-history":[{"count":7,"href":"https:\/\/blogs.univ-tlse2.fr\/transitions-photography\/wp-json\/wp\/v2\/pages\/169\/revisions"}],"predecessor-version":[{"id":209,"href":"https:\/\/blogs.univ-tlse2.fr\/transitions-photography\/wp-json\/wp\/v2\/pages\/169\/revisions\/209"}],"wp:featuredmedia":[{"embeddable":true,"href":"https:\/\/blogs.univ-tlse2.fr\/transitions-photography\/wp-json\/wp\/v2\/media\/68"}],"wp:attachment":[{"href":"https:\/\/blogs.univ-tlse2.fr\/transitions-photography\/wp-json\/wp\/v2\/media?parent=169"}],"curies":[{"name":"wp","href":"https:\/\/api.w.org\/{rel}","templated":true}]}}