 {"id":1395,"date":"2014-06-09T14:09:26","date_gmt":"2014-06-09T12:09:26","guid":{"rendered":"https:\/\/blogs.univ-tlse2.fr\/vautier\/?page_id=1395"},"modified":"2014-06-09T14:18:32","modified_gmt":"2014-06-09T12:18:32","slug":"mentions-legales","status":"publish","type":"page","link":"https:\/\/blogs.univ-tlse2.fr\/vautier\/mentions-legales\/","title":{"rendered":"Mentions l\u00e9gales"},"content":{"rendered":"<p><a href=\"https:\/\/blogs.univ-tlse2.fr\/vautier\/files\/2014\/06\/licenceblog1.png\"><img loading=\"lazy\" decoding=\"async\" class=\"alignnone size-full wp-image-1400\" src=\"https:\/\/blogs.univ-tlse2.fr\/vautier\/files\/2014\/06\/licenceblog1.png\" alt=\"licenceblog\" width=\"88\" height=\"31\" \/><\/a><\/p>\n<p>Le Blog acad\u00e9mique de St\u00e9phane Vautier est mis \u00e0 disposition selon les termes de la <a href=\"http:\/\/creativecommons.org\/licenses\/by-nc\/4.0\/\" rel=\"license\">licence Creative Commons Attribution &#8211; Pas d\u2019Utilisation Commerciale 4.0 International<\/a>.<\/p>\n","protected":false},"excerpt":{"rendered":"<p>Le Blog acad\u00e9mique de St\u00e9phane Vautier est mis \u00e0 disposition selon les termes de la licence Creative Commons Attribution &#8211; Pas d\u2019Utilisation Commerciale 4.0 International.<\/p>\n","protected":false},"author":185,"featured_media":0,"parent":0,"menu_order":8,"comment_status":"open","ping_status":"open","template":"","meta":{"footnotes":""},"class_list":["post-1395","page","type-page","status-publish","hentry"],"_links":{"self":[{"href":"https:\/\/blogs.univ-tlse2.fr\/vautier\/wp-json\/wp\/v2\/pages\/1395","targetHints":{"allow":["GET"]}}],"collection":[{"href":"https:\/\/blogs.univ-tlse2.fr\/vautier\/wp-json\/wp\/v2\/pages"}],"about":[{"href":"https:\/\/blogs.univ-tlse2.fr\/vautier\/wp-json\/wp\/v2\/types\/page"}],"author":[{"embeddable":true,"href":"https:\/\/blogs.univ-tlse2.fr\/vautier\/wp-json\/wp\/v2\/users\/185"}],"replies":[{"embeddable":true,"href":"https:\/\/blogs.univ-tlse2.fr\/vautier\/wp-json\/wp\/v2\/comments?post=1395"}],"version-history":[{"count":4,"href":"https:\/\/blogs.univ-tlse2.fr\/vautier\/wp-json\/wp\/v2\/pages\/1395\/revisions"}],"predecessor-version":[{"id":1401,"href":"https:\/\/blogs.univ-tlse2.fr\/vautier\/wp-json\/wp\/v2\/pages\/1395\/revisions\/1401"}],"wp:attachment":[{"href":"https:\/\/blogs.univ-tlse2.fr\/vautier\/wp-json\/wp\/v2\/media?parent=1395"}],"curies":[{"name":"wp","href":"https:\/\/api.w.org\/{rel}","templated":true}]}}