 {"id":171,"date":"2021-09-16T16:41:38","date_gmt":"2021-09-16T14:41:38","guid":{"rendered":"https:\/\/blogs.univ-tlse2.fr\/velo\/?page_id=171"},"modified":"2021-09-21T12:28:57","modified_gmt":"2021-09-21T10:28:57","slug":"questionnaire-en-ligne-2","status":"publish","type":"page","link":"https:\/\/blogs.univ-tlse2.fr\/velo\/questionnaire-en-ligne-2\/","title":{"rendered":"Questionnaire en ligne"},"content":{"rendered":"\n<p>L&rsquo;\u00e9pid\u00e9mie de coronavirus a eu un impact fort sur les mobilit\u00e9s urbaines. Les diverses restrictions de d\u00e9placements qui ont \u00e9maill\u00e9s l&rsquo;ann\u00e9e 2020 ont provoqu\u00e9 une baisse notable des mobilit\u00e9s en imposant des contraintes variables, que ce soit au niveau des heures, des motifs ou des p\u00e9rim\u00e8tres de d\u00e9placements. Les mesures sanitaires et les craintes de contamination ont aussi entrain\u00e9 un processus d&rsquo;\u00e9vitement de certains modes comme les transport en commun, au profit de la marche, de la voiture ou du v\u00e9lo. Ce dernier notamment a conduit de nombreuses villes \u00e0 mettre en place des am\u00e9nagements temporaires dans le cadre d&rsquo;un urbanisme tactique. Plus d&rsquo;un an apr\u00e8s le d\u00e9but de la crise sanitaire, nous voulons \u00e9valuer l&rsquo;impact de la crise  sur la pratique d&rsquo;un mode de transport particulier : le V\u00e9lo en Libre Service. <\/p>\n\n\n\n<p>Dans cette optique, nous r\u00e9alisons une enqu\u00eate sur les usagers des V\u00e9los en Libre Service. Ce questionnaire s&rsquo;adresse en particulier aux utilisatrices et utilisateurs des Vel\u00d4Toulouse \u00e0 Toulouse et des Velo&rsquo;v \u00e0 Lyon mais les usagers de toutes villes sont les bienvenus. Ce questionnaire porte sur votre usage et vos changements de pratique depuis le d\u00e9but de la crise sanitaire. Le but \u00e9tant d&rsquo;\u00e9valuer l&rsquo;influence de la crise sanitaire sur vos pratiques, nous destinons ce questionnaire \u00e0 toute personne ayant utilis\u00e9 un V\u00e9lo en Libre Service depuis le 1 janvier 2019. <\/p>\n\n\n\n<p>Si vous \u00eates dans ce cas, nous vous invitons \u00e0 r\u00e9pondre au questionnaire suivant : <\/p>\n\n\n\n<figure class=\"wp-block-image size-full\"><a href=\"https:\/\/docs.google.com\/forms\/d\/e\/1FAIpQLSdJ82HWe-pJ3aSzniAONY6ZkZZJeRiV0a13L70rUtothGezFg\/viewform?usp=pp_url\"><img loading=\"lazy\" decoding=\"async\" width=\"649\" height=\"693\" src=\"https:\/\/blogs.univ-tlse2.fr\/velo\/files\/2021\/09\/formulaire-google.jpeg\" alt=\"\" class=\"wp-image-180\" srcset=\"https:\/\/blogs.univ-tlse2.fr\/velo\/files\/2021\/09\/formulaire-google.jpeg 649w, https:\/\/blogs.univ-tlse2.fr\/velo\/files\/2021\/09\/formulaire-google-281x300.jpeg 281w\" sizes=\"auto, (max-width: 649px) 100vw, 649px\" \/><\/a><\/figure>\n\n\n\n<p><a href=\"https:\/\/docs.google.com\/forms\/d\/e\/1FAIpQLSdJ82HWe-pJ3aSzniAONY6ZkZZJeRiV0a13L70rUtothGezFg\/viewform?usp=pp_url\" data-type=\"URL\" data-id=\"https:\/\/docs.google.com\/forms\/d\/e\/1FAIpQLSdJ82HWe-pJ3aSzniAONY6ZkZZJeRiV0a13L70rUtothGezFg\/viewform?usp=pp_url\">Acc\u00e9der au questionnaire<\/a> <\/p>\n\n\n\n<p><\/p>\n\n\n\n<p><\/p>\n\n\n\n<p>*Conform\u00e9ment \u00e0 la loi 78-17 du 16 janvier 1978, relative \u00e0 l\u2019informatique, aux fichiers et aux libert\u00e9s, les r\u00e9ponses fournies resteront rigoureusement confidentielles<\/p>\n","protected":false},"excerpt":{"rendered":"<p>L&rsquo;\u00e9pid\u00e9mie de coronavirus a eu un impact fort sur les mobilit\u00e9s urbaines. Les diverses restrictions de d\u00e9placements qui ont \u00e9maill\u00e9s l&rsquo;ann\u00e9e 2020 ont provoqu\u00e9 une baisse notable des mobilit\u00e9s en imposant des contraintes variables, que ce soit au niveau des &hellip; <a href=\"https:\/\/blogs.univ-tlse2.fr\/velo\/questionnaire-en-ligne-2\/\">Continuer la lecture <span class=\"meta-nav\">&rarr;<\/span><\/a><\/p>\n","protected":false},"author":254,"featured_media":0,"parent":0,"menu_order":0,"comment_status":"closed","ping_status":"closed","template":"","meta":{"footnotes":""},"class_list":["post-171","page","type-page","status-publish","hentry"],"_links":{"self":[{"href":"https:\/\/blogs.univ-tlse2.fr\/velo\/wp-json\/wp\/v2\/pages\/171","targetHints":{"allow":["GET"]}}],"collection":[{"href":"https:\/\/blogs.univ-tlse2.fr\/velo\/wp-json\/wp\/v2\/pages"}],"about":[{"href":"https:\/\/blogs.univ-tlse2.fr\/velo\/wp-json\/wp\/v2\/types\/page"}],"author":[{"embeddable":true,"href":"https:\/\/blogs.univ-tlse2.fr\/velo\/wp-json\/wp\/v2\/users\/254"}],"replies":[{"embeddable":true,"href":"https:\/\/blogs.univ-tlse2.fr\/velo\/wp-json\/wp\/v2\/comments?post=171"}],"version-history":[{"count":8,"href":"https:\/\/blogs.univ-tlse2.fr\/velo\/wp-json\/wp\/v2\/pages\/171\/revisions"}],"predecessor-version":[{"id":185,"href":"https:\/\/blogs.univ-tlse2.fr\/velo\/wp-json\/wp\/v2\/pages\/171\/revisions\/185"}],"wp:attachment":[{"href":"https:\/\/blogs.univ-tlse2.fr\/velo\/wp-json\/wp\/v2\/media?parent=171"}],"curies":[{"name":"wp","href":"https:\/\/api.w.org\/{rel}","templated":true}]}}

<p>L&rsquo;épidémie de coronavirus a eu un impact fort sur les mobilités urbaines. Les diverses restrictions de déplacements qui ont émaillés l&rsquo;année 2020 ont provoqué une baisse notable des mobilités en imposant des contraintes variables, que ce soit au niveau des heures, des motifs ou des périmètres de déplacements. Les mesures sanitaires et les craintes de contamination ont aussi entrainé un processus d&rsquo;évitement de certains modes comme les transport en commun, au profit de la marche, de la voiture ou du vélo. Ce dernier notamment a conduit de nombreuses villes à mettre en place des aménagements temporaires dans le cadre d&rsquo;un urbanisme tactique. Plus d&rsquo;un an après le début de la crise sanitaire, nous voulons évaluer l&rsquo;impact de la crise  sur la pratique d&rsquo;un mode de transport particulier : le Vélo en Libre Service. </p>



<p>Dans cette optique, nous réalisons une enquête sur les usagers des Vélos en Libre Service. Ce questionnaire s&rsquo;adresse en particulier aux utilisatrices et utilisateurs des VelÔToulouse à Toulouse et des Velo&rsquo;v à Lyon mais les usagers de toutes villes sont les bienvenus. Ce questionnaire porte sur votre usage et vos changements de pratique depuis le début de la crise sanitaire. Le but étant d&rsquo;évaluer l&rsquo;influence de la crise sanitaire sur vos pratiques, nous destinons ce questionnaire à toute personne ayant utilisé un Vélo en Libre Service depuis le 1 janvier 2019. </p>



<p>Si vous êtes dans ce cas, nous vous invitons à répondre au questionnaire suivant : </p>



<figure class="wp-block-image size-full"><a href="https://docs.google.com/forms/d/e/1FAIpQLSdJ82HWe-pJ3aSzniAONY6ZkZZJeRiV0a13L70rUtothGezFg/viewform?usp=pp_url"><img loading="lazy" decoding="async" width="649" height="693" src="https://blogs.univ-tlse2.fr/velo/files/2021/09/formulaire-google.jpeg" alt="" class="wp-image-180" srcset="https://blogs.univ-tlse2.fr/velo/files/2021/09/formulaire-google.jpeg 649w, https://blogs.univ-tlse2.fr/velo/files/2021/09/formulaire-google-281x300.jpeg 281w" sizes="auto, (max-width: 649px) 100vw, 649px" /></a></figure>



<p><a href="https://docs.google.com/forms/d/e/1FAIpQLSdJ82HWe-pJ3aSzniAONY6ZkZZJeRiV0a13L70rUtothGezFg/viewform?usp=pp_url" data-type="URL" data-id="https://docs.google.com/forms/d/e/1FAIpQLSdJ82HWe-pJ3aSzniAONY6ZkZZJeRiV0a13L70rUtothGezFg/viewform?usp=pp_url">Accéder au questionnaire</a> </p>



<p></p>



<p></p>



<p>*Conformément à la loi 78-17 du 16 janvier 1978, relative à l’informatique, aux fichiers et aux libertés, les réponses fournies resteront rigoureusement confidentielles</p>

<p>L&rsquo;épidémie de coronavirus a eu un impact fort sur les mobilités urbaines. Les diverses restrictions de déplacements qui ont émaillés l&rsquo;année 2020 ont provoqué une baisse notable des mobilités en imposant des contraintes variables, que ce soit au niveau des &hellip; <a href="https://blogs.univ-tlse2.fr/velo/questionnaire-en-ligne-2/">Continuer la lecture <span class="meta-nav">&rarr;</span></a></p>
