 {"id":134,"date":"2016-11-21T14:02:06","date_gmt":"2016-11-21T13:02:06","guid":{"rendered":"http:\/\/dev12-adim.univ-tlse2.fr\/exposition-virtuelle\/?page_id=134"},"modified":"2016-11-21T14:02:06","modified_gmt":"2016-11-21T13:02:06","slug":"introduction","status":"publish","type":"page","link":"https:\/\/blogs.univ-tlse2.fr\/voyage-cartailhac-grece-expo-virtuelle\/","title":{"rendered":"A propos"},"content":{"rendered":"<p><em>C\u2019est le hasard de nos recherches dans le fonds iconographique de l\u2019Association Louis Begou\u00ebn, conserv\u00e9 au ch\u00e2teau Pujol \u00e0 Montesquieu-Avant\u00e8s, qui nous a permis de mettre au jour toute une s\u00e9rie de plaques de verre consacr\u00e9es au voyage d\u2019\u00c9mile Cartailhac en Gr\u00e8ce. Il s\u2019agit de plaques au g\u00e9latino-bromure d\u2019argent, destin\u00e9es \u00e0 la projection et d\u2019une taille de 10,7 x 8,2 cm. Cette \u00ab d\u00e9couverte \u00bb fortuite nous a paru suffisamment importante pour m\u00e9riter d\u2019\u00eatre valoris\u00e9e par le biais d\u2019une exposition virtuelle afin d\u2019en faciliter l\u2019acc\u00e8s \u00e0 tous les arch\u00e9ologues et historiens. Nous tenons \u00e0 souligner que beaucoup de ces clich\u00e9s sont in\u00e9dits, mais comme nous le verrons, certains ont \u00e9t\u00e9 publi\u00e9s dans l\u2019Album photographique qui fut r\u00e9alis\u00e9 \u00e0 l\u2019initiative de la maison Hachette. D\u2019autres reproduisent des illustrations que Cartailhac a prises dans des ouvrages, et nous avons choisi de les conserver en fonction de leur int\u00e9r\u00eat.<\/em><\/p>\n","protected":false},"excerpt":{"rendered":"<p>C\u2019est le hasard de nos recherches dans le fonds iconographique de l\u2019Association Louis Begou\u00ebn, conserv\u00e9 au ch\u00e2teau Pujol \u00e0 Montesquieu-Avant\u00e8s, qui nous a permis de mettre au jour toute une s\u00e9rie de plaques de verre consacr\u00e9es au voyage d\u2019\u00c9mile Cartailhac en Gr\u00e8ce. Il s\u2019agit de plaques au g\u00e9latino-bromure d\u2019argent, destin\u00e9es \u00e0 la projection et d\u2019une &hellip; <\/p>\n<p class=\"link-more\"><a href=\"https:\/\/blogs.univ-tlse2.fr\/voyage-cartailhac-grece-expo-virtuelle\/\" class=\"more-link\">Continuer la lecture<span class=\"screen-reader-text\"> de &laquo;&nbsp;A propos&nbsp;&raquo;<\/span><\/a><\/p>\n","protected":false},"author":393,"featured_media":0,"parent":0,"menu_order":0,"comment_status":"closed","ping_status":"closed","template":"","meta":{"footnotes":""},"class_list":["post-134","page","type-page","status-publish","hentry"],"_links":{"self":[{"href":"https:\/\/blogs.univ-tlse2.fr\/voyage-cartailhac-grece-expo-virtuelle\/wp-json\/wp\/v2\/pages\/134","targetHints":{"allow":["GET"]}}],"collection":[{"href":"https:\/\/blogs.univ-tlse2.fr\/voyage-cartailhac-grece-expo-virtuelle\/wp-json\/wp\/v2\/pages"}],"about":[{"href":"https:\/\/blogs.univ-tlse2.fr\/voyage-cartailhac-grece-expo-virtuelle\/wp-json\/wp\/v2\/types\/page"}],"author":[{"embeddable":true,"href":"https:\/\/blogs.univ-tlse2.fr\/voyage-cartailhac-grece-expo-virtuelle\/wp-json\/wp\/v2\/users\/393"}],"replies":[{"embeddable":true,"href":"https:\/\/blogs.univ-tlse2.fr\/voyage-cartailhac-grece-expo-virtuelle\/wp-json\/wp\/v2\/comments?post=134"}],"version-history":[{"count":0,"href":"https:\/\/blogs.univ-tlse2.fr\/voyage-cartailhac-grece-expo-virtuelle\/wp-json\/wp\/v2\/pages\/134\/revisions"}],"wp:attachment":[{"href":"https:\/\/blogs.univ-tlse2.fr\/voyage-cartailhac-grece-expo-virtuelle\/wp-json\/wp\/v2\/media?parent=134"}],"curies":[{"name":"wp","href":"https:\/\/api.w.org\/{rel}","templated":true}]}}