 {"id":21,"date":"2016-10-07T14:31:12","date_gmt":"2016-10-07T12:31:12","guid":{"rendered":"http:\/\/dev12-adim.univ-tlse2.fr\/exposition-virtuelle\/?page_id=21"},"modified":"2022-06-23T16:49:26","modified_gmt":"2022-06-23T14:49:26","slug":"olympie","status":"publish","type":"page","link":"https:\/\/blogs.univ-tlse2.fr\/voyage-cartailhac-grece-expo-virtuelle\/olympie\/","title":{"rendered":"Olympie"},"content":{"rendered":"<p><em>\u00ab Pendant la nuit, le S\u00e9n\u00e9gal est sorti fort tranquillement du golfe de Corinthe et, contournant le nord-ouest du P\u00e9loponn\u00e8se, il est arriv\u00e9 \u00e0 Katakolo. Ce petit port, tout neuf, aurait, dans l\u2019antiquit\u00e9, \u00e9lev\u00e9 un autel au phyllox\u00e9ra ; car il lui doit sa naissance et sa fortune. L\u2019exportation des raisins secs est son commerce principal et important. Aussi est-il reli\u00e9 \u00e0 la capitale par un chemin de fer qu\u2019on a prolong\u00e9 jusqu\u2019\u00e0 Pyrgos et Olympie. A Pyrgos il y a une solution de continuit\u00e9, les deux gares sont aux extr\u00e9mit\u00e9s du bourg, que nous sommes ainsi oblig\u00e9s de traverser \u00e0 pied. Rien de notable, d\u2019ailleurs, dans cette localit\u00e9.\u00bb<\/em><\/p>\n<figure id=\"attachment_555\" aria-describedby=\"caption-attachment-555\" style=\"width: 346px\" class=\"wp-caption alignleft\"><a href=\"https:\/\/blogs.univ-tlse2.fr\/voyage-cartailhac-grece-expo-virtuelle\/files\/2016\/10\/DSC_0369-S.jpg\" rel=\"lightbox[21]\"><img loading=\"lazy\" decoding=\"async\" class=\"wp-image-555\" src=\"https:\/\/blogs.univ-tlse2.fr\/exposition-virtuelle\/files\/2016\/10\/DSC_0369-S-300x259.jpg\" alt=\"\" width=\"346\" height=\"299\" srcset=\"https:\/\/blogs.univ-tlse2.fr\/voyage-cartailhac-grece-expo-virtuelle\/files\/2016\/10\/DSC_0369-S-300x259.jpg 300w, https:\/\/blogs.univ-tlse2.fr\/voyage-cartailhac-grece-expo-virtuelle\/files\/2016\/10\/DSC_0369-S-768x663.jpg 768w, https:\/\/blogs.univ-tlse2.fr\/voyage-cartailhac-grece-expo-virtuelle\/files\/2016\/10\/DSC_0369-S.jpg 986w\" sizes=\"auto, (max-width: 346px) 100vw, 346px\" \/><\/a><figcaption id=\"caption-attachment-555\" class=\"wp-caption-text\">\u00ab Les S\u00e9n\u00e9galais en gare d&rsquo;Olympie, 12. \u00bb 1896<\/figcaption><\/figure>\n<p><em>\u00ab Quand nous arrivons les cataractes du ciel sont ouvertes ! d\u2019eau. Nous ne rions plus ; nous \u00e9changeons des regards navr\u00e9s. Un moment entass\u00e9s dans la gare, nous restons immobiles, anxieux. Mais une pouss\u00e9e des derniers rangs nous met dehors ; et nous voil\u00e0 partis en file lamentable pour le mus\u00e9e d\u2019Olympie, \u00e0 un petit kilom\u00e8tre de distance \u00e0 moiti\u00e9 chemin des ruines. \u00bb<\/em><\/p>\n<p><em>\u00ab Nous y circulons \u00e0 l\u2019aise, et comme nous sommes en pr\u00e9sence des deux frontons du temple de Zeus et des merveilleuses statues, la Victoire que Paeonios avait sculpt\u00e9e pour les Mess\u00e9niens au retour de leur incursion en Laconie, et l\u2019Herm\u00e8s de Praxit\u00e8le, un des joyaux de l\u2019H\u00e9raion, nous oublions nos petites mis\u00e8res, nous sommes tout yeux et tout oreilles.<\/em><br \/>\n<em>Notre seul ennui est de ne pouvoir entendre \u00e0 la fois les deux savants qui ont divis\u00e9 notre groupe et nous guident, MM. Monceaux et Salomon Reinach. J\u2019ai entendu le premier devant les frontons, tous deux devant la messag\u00e8re des batailles heureuses ; et nous nous sommes tous r\u00e9unis autour de Reinach lorsqu\u2019il fait une magistrale histoire de l\u2019Herm\u00e8s. \u00bb<\/em><\/p>\n<p>&nbsp;<\/p>\n<p><em>\u00a0L\u2019Herm\u00e8s, de la fin du quatri\u00e8me si\u00e8cle, est une des plus admirables statues qui soit sortie de la main des hommes. La beaut\u00e9 du model\u00e9 est id\u00e9ale ; on sent partout la vie et son fr\u00e9missement ; le marbre de Paros a \u00e9t\u00e9 poli avec un soin inaccoutum\u00e9 et le temps lui a donn\u00e9 une teinte ind\u00e9finissable. Le bras droit a disparu. Le jeune dieu, porte sur son bras gauche un petit enfant, Bacchus. Ce bras gauche a \u00e9t\u00e9 restaur\u00e9 d\u00e9j\u00e0 dans l\u2019antiquit\u00e9. L\u2019attitude de l\u2019enfant qui veut se jeter au cou de son protecteur a-t-elle \u00e9t\u00e9 fauss\u00e9e ! \u2026 <\/em><\/p>\n<p><em><a href=\"https:\/\/blogs.univ-tlse2.fr\/voyage-cartailhac-grece-expo-virtuelle\/files\/2016\/10\/DSC_0464-S.jpg\" rel=\"lightbox[21]\"><img loading=\"lazy\" decoding=\"async\" class=\"alignleft wp-image-885 size-medium\" src=\"https:\/\/blogs.univ-tlse2.fr\/voyage-cartailhac-grece-expo-virtuelle\/files\/2016\/10\/DSC_0464-S-300x300.jpg\" alt=\"\" width=\"300\" height=\"300\" srcset=\"https:\/\/blogs.univ-tlse2.fr\/voyage-cartailhac-grece-expo-virtuelle\/files\/2016\/10\/DSC_0464-S-300x300.jpg 300w, https:\/\/blogs.univ-tlse2.fr\/voyage-cartailhac-grece-expo-virtuelle\/files\/2016\/10\/DSC_0464-S-150x150.jpg 150w, https:\/\/blogs.univ-tlse2.fr\/voyage-cartailhac-grece-expo-virtuelle\/files\/2016\/10\/DSC_0464-S-768x767.jpg 768w, https:\/\/blogs.univ-tlse2.fr\/voyage-cartailhac-grece-expo-virtuelle\/files\/2016\/10\/DSC_0464-S-100x100.jpg 100w, https:\/\/blogs.univ-tlse2.fr\/voyage-cartailhac-grece-expo-virtuelle\/files\/2016\/10\/DSC_0464-S.jpg 890w\" sizes=\"auto, (max-width: 300px) 100vw, 300px\" \/><\/a>En tous cas, les regards des deux visages ne se croisent pas ; que regarde l\u2019enfant, que regarde Herm\u00e8s ? Comment restituer le bras absent ? que tenait Herm\u00e8s \u00e0 la main ? En vain cherche-t-on les imitations de ce marbre c\u00e9l\u00e8bre, les r\u00e9pliques selon l\u2019expression consacr\u00e9e, qui devaient circuler dans le monde antique et qu\u2019on aurait pu d\u00e9couvrir. On ne trouve rien de s\u00fbr, on propose des hypoth\u00e8ses. <\/em><br \/>\n<em>Autre chose : Voici sur les pieds des traces de couleur ; un clou de bronze est plant\u00e9 dans la pierre et retenait sans doute une applique de m\u00e9tal. Peut-on croire que l\u2019art consomm\u00e9 qui a poli merveilleusement ce marbre l\u2019a voil\u00e9 sous une couche de peinture ? \u00bb<\/em><\/p>\n<p>&nbsp;<\/p>\n<p>&nbsp;<\/p>\n<p>&nbsp;<\/p>\n<p>&nbsp;<\/p>\n<p>&nbsp;<\/p>\n<figure id=\"attachment_560\" aria-describedby=\"caption-attachment-560\" style=\"width: 350px\" class=\"wp-caption alignleft\"><a href=\"https:\/\/blogs.univ-tlse2.fr\/voyage-cartailhac-grece-expo-virtuelle\/files\/2016\/10\/DSC_0440-S.jpg\" rel=\"lightbox[21]\"><img loading=\"lazy\" decoding=\"async\" class=\"wp-image-560\" src=\"https:\/\/blogs.univ-tlse2.fr\/exposition-virtuelle\/files\/2016\/10\/DSC_0440-S-300x251.jpg\" alt=\"\" width=\"350\" height=\"293\" srcset=\"https:\/\/blogs.univ-tlse2.fr\/voyage-cartailhac-grece-expo-virtuelle\/files\/2016\/10\/DSC_0440-S-300x251.jpg 300w, https:\/\/blogs.univ-tlse2.fr\/voyage-cartailhac-grece-expo-virtuelle\/files\/2016\/10\/DSC_0440-S-768x644.jpg 768w, https:\/\/blogs.univ-tlse2.fr\/voyage-cartailhac-grece-expo-virtuelle\/files\/2016\/10\/DSC_0440-S.jpg 810w\" sizes=\"auto, (max-width: 350px) 100vw, 350px\" \/><\/a><figcaption id=\"caption-attachment-560\" class=\"wp-caption-text\">\u00ab Les S\u00e9n\u00e9galais sur le site d\u2019Olympie. 4 \u00bb 1896<\/figcaption><\/figure>\n<p>\u00ab<em> Que nous reste-t-il des monuments pr\u00e8s desquels, sous le couvert de la religion, avaient lieu ces luttes h\u00e9ro\u00efques ? Comme \u00e0 Delphes, des ruines au ras du sol, mais grandioses quand m\u00eame.<\/em><br \/>\n<em>Voici des pans bien conserv\u00e9s de la grande muraille protectrice de l\u2019Altis (du mot Alsos, bois sacr\u00e9) ; la terrasse des tr\u00e9sors, les tribunes, l\u2019agora tout encombr\u00e9 jadis de statues, d\u2019autels, de tr\u00e9pieds, d\u2019ex-votos, de troph\u00e9es dress\u00e9s \u00e0 l\u2019ombre des grands platanes. \u00bb<\/em><br \/>\n<em>\u00ab Les fouilles d\u2019Olympie, dont les ruines gisaient sous d\u2019\u00e9paisses couches d\u2019alluvions, furent commenc\u00e9es en 1829, lors de l\u2019exp\u00e9dition fran\u00e7aise de Mor\u00e9e, sous la direction du capitaine d\u2019artillerie Trutat. Au bout de quelques semaines, on avait pu envoyer au Louvre de tr\u00e8s beaux morceaux, mais la fi\u00e8vre et la mort avaient fait de tels vides parmi nos soldats que M. Trutat dut<\/em> <em>abandonner la place. (1)\u00bb<\/em><\/p>\n<p><em>\u00ab\u00a0(1) Ce renseignement ignor\u00e9 de M. Monceaux, l\u2019historien des d\u00e9couvertes d\u2019Olympie, qui ne s\u2019expliquait pas l\u2019interruption des fouilles fran\u00e7aises, est donn\u00e9e par la notice sur le sous-intendant Trutat, lue en 1866 \u00e0 la Soci\u00e9t\u00e9 d\u2019agriculture de Toulouse, \u00e0 laquelle appartenait depuis sa mise \u00e0 la retraite cet officier sup\u00e9rieur. Il m\u2019a \u00e9t\u00e9 confirm\u00e9 avec pr\u00e9cision par M. Trutat fils, directeur du Mus\u00e9e d\u2019histoire naturelle de notre ville.\u00a0\u00bb<\/em><\/p>\n<p>&nbsp;<\/p>\n<p>&nbsp;<\/p>\n<p>&nbsp;<\/p>\n<figure id=\"attachment_609\" aria-describedby=\"caption-attachment-609\" style=\"width: 252px\" class=\"wp-caption alignleft\"><a href=\"https:\/\/blogs.univ-tlse2.fr\/voyage-cartailhac-grece-expo-virtuelle\/files\/2016\/10\/DSC_0368-S.jpg\" rel=\"lightbox[21]\"><img loading=\"lazy\" decoding=\"async\" class=\"wp-image-609\" src=\"https:\/\/blogs.univ-tlse2.fr\/exposition-virtuelle\/files\/2016\/10\/DSC_0368-S-300x250.jpg\" alt=\"\" width=\"252\" height=\"210\" srcset=\"https:\/\/blogs.univ-tlse2.fr\/voyage-cartailhac-grece-expo-virtuelle\/files\/2016\/10\/DSC_0368-S-300x250.jpg 300w, https:\/\/blogs.univ-tlse2.fr\/voyage-cartailhac-grece-expo-virtuelle\/files\/2016\/10\/DSC_0368-S-768x639.jpg 768w, https:\/\/blogs.univ-tlse2.fr\/voyage-cartailhac-grece-expo-virtuelle\/files\/2016\/10\/DSC_0368-S.jpg 900w\" sizes=\"auto, (max-width: 252px) 100vw, 252px\" \/><\/a><figcaption id=\"caption-attachment-609\" class=\"wp-caption-text\">\u00ab Olympie, muraille de l\u2019Altis. 2 \u00bb. 1896 (La plaque de verre est ab\u00eem\u00e9e).<\/figcaption><\/figure>\n<figure id=\"attachment_610\" aria-describedby=\"caption-attachment-610\" style=\"width: 258px\" class=\"wp-caption alignleft\"><a href=\"https:\/\/blogs.univ-tlse2.fr\/voyage-cartailhac-grece-expo-virtuelle\/files\/2016\/10\/DSC_0478-S.jpg\" rel=\"lightbox[21]\"><img loading=\"lazy\" decoding=\"async\" class=\"wp-image-610\" src=\"https:\/\/blogs.univ-tlse2.fr\/exposition-virtuelle\/files\/2016\/10\/DSC_0478-S-300x248.jpg\" alt=\"\" width=\"258\" height=\"213\" srcset=\"https:\/\/blogs.univ-tlse2.fr\/voyage-cartailhac-grece-expo-virtuelle\/files\/2016\/10\/DSC_0478-S-300x248.jpg 300w, https:\/\/blogs.univ-tlse2.fr\/voyage-cartailhac-grece-expo-virtuelle\/files\/2016\/10\/DSC_0478-S-768x636.jpg 768w, https:\/\/blogs.univ-tlse2.fr\/voyage-cartailhac-grece-expo-virtuelle\/files\/2016\/10\/DSC_0478-S.jpg 900w\" sizes=\"auto, (max-width: 258px) 100vw, 258px\" \/><\/a><figcaption id=\"caption-attachment-610\" class=\"wp-caption-text\">\u00ab Olympie, la palestre. 7 \u00bb. 1896<\/figcaption><\/figure>\n<p>&nbsp;<\/p>\n<p>&nbsp;<\/p>\n<p>&nbsp;<\/p>\n<p>&nbsp;<\/p>\n<p>&nbsp;<\/p>\n<p>&nbsp;<\/p>\n<p>&nbsp;<\/p>\n<figure id=\"attachment_611\" aria-describedby=\"caption-attachment-611\" style=\"width: 300px\" class=\"wp-caption alignleft\"><a href=\"https:\/\/blogs.univ-tlse2.fr\/voyage-cartailhac-grece-expo-virtuelle\/files\/2016\/10\/DSC_0441-S.jpg\" rel=\"lightbox[21]\"><img loading=\"lazy\" decoding=\"async\" class=\"wp-image-611 size-medium\" src=\"https:\/\/blogs.univ-tlse2.fr\/voyage-cartailhac-grece-expo-virtuelle\/files\/2016\/10\/DSC_0441-S-300x256.jpg\" alt=\"\" width=\"300\" height=\"256\" srcset=\"https:\/\/blogs.univ-tlse2.fr\/voyage-cartailhac-grece-expo-virtuelle\/files\/2016\/10\/DSC_0441-S-300x256.jpg 300w, https:\/\/blogs.univ-tlse2.fr\/voyage-cartailhac-grece-expo-virtuelle\/files\/2016\/10\/DSC_0441-S.jpg 756w\" sizes=\"auto, (max-width: 300px) 100vw, 300px\" \/><\/a><figcaption id=\"caption-attachment-611\" class=\"wp-caption-text\">\u00ab Olympie, entr\u00e9e du stade. 8 \u00bb. 1896<\/figcaption><\/figure>\n<p><em>\u00ab Lorsque le progr\u00e8s de nos connaissances eut d\u00e9montr\u00e9 l\u2019int\u00e9r\u00eat capital qu\u2019il y aurait \u00e0 exhumer Olympie de son linceul, c\u2019est l\u2019Allemagne qui eut le bon esprit et l\u2019honneur d\u2019effectuer cette longue et dispendieuse besogne. Le d\u00e9blaiement fut accompli de 1876 \u00e0 1881 par une commission d\u2019architectes et d\u2019arch\u00e9ologues allemands, sous la direction d\u2019Ernest Curtius, qui vient de mourir estim\u00e9 hautement des savants de tous les pays. Un jeune conservateur du mus\u00e9e de Berlin, &#8211; je ne peux mieux le louer qu\u2019en disant de lui qu\u2019il est le Salomon Reinach de l\u2019Allemagne, &#8211; M. Furtwaengler, a publi\u00e9 les bronzes d\u2019Olympie. La presse allemande a fait sans cesse le plus \u00e9clatant \u00e9loge de ces travaux, tandis que la France ignore g\u00e9n\u00e9ralement l\u2019\u0153uvre \u00e9gale ex\u00e9cut\u00e9e \u00e0 Delphes par l\u2019\u00c9cole fran\u00e7aise d\u2019Ath\u00e8nes. \u00bb<\/em><\/p>\n<p><em>\u00ab Les jeunes bergers que la curiosit\u00e9 avait rassembl\u00e9s, excit\u00e9s par l\u2019app\u00e2t de menues pi\u00e8ces d\u2019argent, ont fait des courses de 100 m\u00e8tres et des sauts simples ou compliqu\u00e9s. A remarquer l\u2019absence de scrupule avec lequel ils \u00e9ludaient les conditions du concours et cherchaient \u00e0 toucher le prix au d\u00e9triment du v\u00e9ritable vainqueur. Il para\u00eet que jadis dans Olympie les fraudes \u00e9taient fr\u00e9quentes et que les amendes dont on frappait les coupables atteignaient des totaux importants. L\u2019homme est toujours l\u2019homme. \u00bb<\/em><\/p>\n<p><em>\u00ab Nous partons enfin avec le regret de n\u2019avoir pas su que nous avions tout le loisir de monter au sommet du Kronios, d\u2019o\u00f9 l\u2019on jouit d\u2019une vue magnifique. Le soleil donne \u00e0 la route que nous avons suivie ce matin un tout autre aspect. Il couvre de ses feux mourants le triste et banal rivage de Katakolo, la rade que le S\u00e9n\u00e9gal abandonne bient\u00f4t en toute h\u00e2te, car nous devons faire le p\u00e9riple du P\u00e9loponn\u00e8se et d\u00e9barquer de bonne heure dans l\u2019Argolide. \u00bb<\/em><\/p>\n<p>&nbsp;<\/p>\n<figure id=\"attachment_614\" aria-describedby=\"caption-attachment-614\" style=\"width: 354px\" class=\"wp-caption aligncenter\"><a href=\"https:\/\/blogs.univ-tlse2.fr\/voyage-cartailhac-grece-expo-virtuelle\/files\/2016\/10\/DSC_0447-S.jpg\" rel=\"lightbox[21]\"><img loading=\"lazy\" decoding=\"async\" class=\"wp-image-614\" src=\"https:\/\/blogs.univ-tlse2.fr\/exposition-virtuelle\/files\/2016\/10\/DSC_0447-S-300x241.jpg\" alt=\"\" width=\"354\" height=\"284\" srcset=\"https:\/\/blogs.univ-tlse2.fr\/voyage-cartailhac-grece-expo-virtuelle\/files\/2016\/10\/DSC_0447-S-300x241.jpg 300w, https:\/\/blogs.univ-tlse2.fr\/voyage-cartailhac-grece-expo-virtuelle\/files\/2016\/10\/DSC_0447-S-768x618.jpg 768w, https:\/\/blogs.univ-tlse2.fr\/voyage-cartailhac-grece-expo-virtuelle\/files\/2016\/10\/DSC_0447-S.jpg 982w\" sizes=\"auto, (max-width: 354px) 100vw, 354px\" \/><\/a><figcaption id=\"caption-attachment-614\" class=\"wp-caption-text\">\u00ab La cuisine du S\u00e9n\u00e9gal \u00e0 Olympie. 11 \u00bb. 1896<\/figcaption><\/figure>\n<p>&nbsp;<\/p>\n<figure id=\"attachment_1053\" aria-describedby=\"caption-attachment-1053\" style=\"width: 300px\" class=\"wp-caption aligncenter\"><img loading=\"lazy\" decoding=\"async\" class=\"wp-image-1053\" src=\"https:\/\/blogs.univ-tlse2.fr\/voyage-cartailhac-grece-expo-virtuelle\/files\/2022\/06\/Ticket-Olympie-300x300.jpg\" alt=\"\" width=\"300\" height=\"300\" srcset=\"https:\/\/blogs.univ-tlse2.fr\/voyage-cartailhac-grece-expo-virtuelle\/files\/2022\/06\/Ticket-Olympie-300x300.jpg 300w, https:\/\/blogs.univ-tlse2.fr\/voyage-cartailhac-grece-expo-virtuelle\/files\/2022\/06\/Ticket-Olympie-1024x1022.jpg 1024w, https:\/\/blogs.univ-tlse2.fr\/voyage-cartailhac-grece-expo-virtuelle\/files\/2022\/06\/Ticket-Olympie-150x150.jpg 150w, https:\/\/blogs.univ-tlse2.fr\/voyage-cartailhac-grece-expo-virtuelle\/files\/2022\/06\/Ticket-Olympie-768x767.jpg 768w, https:\/\/blogs.univ-tlse2.fr\/voyage-cartailhac-grece-expo-virtuelle\/files\/2022\/06\/Ticket-Olympie-100x100.jpg 100w, https:\/\/blogs.univ-tlse2.fr\/voyage-cartailhac-grece-expo-virtuelle\/files\/2022\/06\/Ticket-Olympie.jpg 1252w\" sizes=\"auto, (max-width: 300px) 100vw, 300px\" \/><figcaption id=\"caption-attachment-1053\" class=\"wp-caption-text\">Ticket Excursion Olympie (Archives B\u00e9gou\u00ebn)<\/figcaption><\/figure>\n<p><em>\u00a0<\/em><\/p>\n","protected":false},"excerpt":{"rendered":"<p>\u00ab Pendant la nuit, le S\u00e9n\u00e9gal est sorti fort tranquillement du golfe de Corinthe et, contournant le nord-ouest du P\u00e9loponn\u00e8se, il est arriv\u00e9 \u00e0 Katakolo. Ce petit port, tout neuf, aurait, dans l\u2019antiquit\u00e9, \u00e9lev\u00e9 un autel au phyllox\u00e9ra ; car il lui doit sa naissance et sa fortune. L\u2019exportation des raisins secs est son commerce &hellip; <\/p>\n<p class=\"link-more\"><a href=\"https:\/\/blogs.univ-tlse2.fr\/voyage-cartailhac-grece-expo-virtuelle\/olympie\/\" class=\"more-link\">Continuer la lecture<span class=\"screen-reader-text\"> de &laquo;&nbsp;Olympie&nbsp;&raquo;<\/span><\/a><\/p>\n","protected":false},"author":19,"featured_media":0,"parent":0,"menu_order":0,"comment_status":"closed","ping_status":"closed","template":"","meta":{"footnotes":""},"class_list":["post-21","page","type-page","status-publish","hentry"],"_links":{"self":[{"href":"https:\/\/blogs.univ-tlse2.fr\/voyage-cartailhac-grece-expo-virtuelle\/wp-json\/wp\/v2\/pages\/21","targetHints":{"allow":["GET"]}}],"collection":[{"href":"https:\/\/blogs.univ-tlse2.fr\/voyage-cartailhac-grece-expo-virtuelle\/wp-json\/wp\/v2\/pages"}],"about":[{"href":"https:\/\/blogs.univ-tlse2.fr\/voyage-cartailhac-grece-expo-virtuelle\/wp-json\/wp\/v2\/types\/page"}],"author":[{"embeddable":true,"href":"https:\/\/blogs.univ-tlse2.fr\/voyage-cartailhac-grece-expo-virtuelle\/wp-json\/wp\/v2\/users\/19"}],"replies":[{"embeddable":true,"href":"https:\/\/blogs.univ-tlse2.fr\/voyage-cartailhac-grece-expo-virtuelle\/wp-json\/wp\/v2\/comments?post=21"}],"version-history":[{"count":40,"href":"https:\/\/blogs.univ-tlse2.fr\/voyage-cartailhac-grece-expo-virtuelle\/wp-json\/wp\/v2\/pages\/21\/revisions"}],"predecessor-version":[{"id":1057,"href":"https:\/\/blogs.univ-tlse2.fr\/voyage-cartailhac-grece-expo-virtuelle\/wp-json\/wp\/v2\/pages\/21\/revisions\/1057"}],"wp:attachment":[{"href":"https:\/\/blogs.univ-tlse2.fr\/voyage-cartailhac-grece-expo-virtuelle\/wp-json\/wp\/v2\/media?parent=21"}],"curies":[{"name":"wp","href":"https:\/\/api.w.org\/{rel}","templated":true}]}}