 {"id":275,"date":"2016-11-24T17:28:08","date_gmt":"2016-11-24T16:28:08","guid":{"rendered":"http:\/\/dev12-adim.univ-tlse2.fr\/exposition-virtuelle\/?page_id=275"},"modified":"2017-03-27T16:34:49","modified_gmt":"2017-03-27T14:34:49","slug":"syra","status":"publish","type":"page","link":"https:\/\/blogs.univ-tlse2.fr\/voyage-cartailhac-grece-expo-virtuelle\/syra\/","title":{"rendered":"Syra et le retour \u00e0 Marseille"},"content":{"rendered":"<p><em>\u00ab Nous laisserons M. Homolle \u00e0 Syra. Nous devons lui exprimer notre reconnaissance pour les services rendus \u00e0 la science et \u00e0 la patrie ; nous avons \u00e9t\u00e9 ses disciples, pendant les jours qu\u2019il nous a consacr\u00e9s, et si notre exp\u00e9dition a trouv\u00e9 partout le terrain bien pr\u00e9par\u00e9, c\u2019est \u00e0 lui que nous le devons ; c\u2019est lui qui nous a obtenu les faveurs du gouvernement et, par exemple, la suppression absolue de toute visite douani\u00e8re ! \u00bb<\/em><\/p>\n<p><em>\u00ab On vide en son honneur une coupe de champagne et l\u2019on d\u00e9barque.<\/em><br \/>\n<em>Syra est une \u00eele autrement importante que le reste de l\u2019archipel. Sa capitale compte plus de vingt mille habitants ; c\u2019est, par cons\u00e9quent, une des grandes cit\u00e9s du royaume et de plus un port excellent. Nous avons pu approcher du quai et autour de nous des navires en nombre marquaient l\u2019activit\u00e9 du commerce local.<\/em><br \/>\n<em>La ville se pr\u00e9sente sur deux collines pointues que les maisons couvrent jusqu\u2019au sommet ; l\u2019aspect est original et rappelle le panorama d\u2019Alger. \u00bb<\/em><\/p>\n<figure id=\"attachment_870\" aria-describedby=\"caption-attachment-870\" style=\"width: 500px\" class=\"wp-caption aligncenter\"><a href=\"https:\/\/blogs.univ-tlse2.fr\/voyage-cartailhac-grece-expo-virtuelle\/files\/2016\/11\/DSC_0421-S-90-dpi.jpg\" rel=\"lightbox[275]\"><img loading=\"lazy\" decoding=\"async\" class=\"wp-image-870\" src=\"https:\/\/blogs.univ-tlse2.fr\/voyage-cartailhac-grece-expo-virtuelle\/files\/2016\/11\/DSC_0421-S-90-dpi-300x254.jpg\" alt=\"\" width=\"500\" height=\"423\" srcset=\"https:\/\/blogs.univ-tlse2.fr\/voyage-cartailhac-grece-expo-virtuelle\/files\/2016\/11\/DSC_0421-S-90-dpi-300x254.jpg 300w, https:\/\/blogs.univ-tlse2.fr\/voyage-cartailhac-grece-expo-virtuelle\/files\/2016\/11\/DSC_0421-S-90-dpi-768x649.jpg 768w, https:\/\/blogs.univ-tlse2.fr\/voyage-cartailhac-grece-expo-virtuelle\/files\/2016\/11\/DSC_0421-S-90-dpi.jpg 900w\" sizes=\"auto, (max-width: 500px) 100vw, 500px\" \/><\/a><figcaption id=\"caption-attachment-870\" class=\"wp-caption-text\">\u00a0\u00a0\u00a0\u00a0\u00a0\u00a0\u00a0\u00a0\u00a0\u00a0\u00a0\u00a0\u00a0\u00a0\u00a0\u00a0\u00a0\u00a0\u00a0\u00a0\u00a0\u00a0\u00a0\u00a0\u00a0\u00a0\u00a0\u00a0\u00a0\u00a0\u00a0\u00a0\u00a0\u00a0\u00a0\u00a0\u00a0\u00a0\u00a0\u00a0\u00a0\u00a0\u00a0\u00a0 \u00ab Syra. 69 \u00bb. 1896<\/figcaption><\/figure>\n<p>&nbsp;<\/p>\n<figure id=\"attachment_872\" aria-describedby=\"caption-attachment-872\" style=\"width: 500px\" class=\"wp-caption aligncenter\"><a href=\"https:\/\/blogs.univ-tlse2.fr\/voyage-cartailhac-grece-expo-virtuelle\/files\/2016\/11\/DSC_0407-S.jpg\" rel=\"lightbox[275]\"><img loading=\"lazy\" decoding=\"async\" class=\"wp-image-872\" src=\"https:\/\/blogs.univ-tlse2.fr\/voyage-cartailhac-grece-expo-virtuelle\/files\/2016\/11\/DSC_0407-S-300x233.jpg\" alt=\"\" width=\"500\" height=\"389\" srcset=\"https:\/\/blogs.univ-tlse2.fr\/voyage-cartailhac-grece-expo-virtuelle\/files\/2016\/11\/DSC_0407-S-300x233.jpg 300w, https:\/\/blogs.univ-tlse2.fr\/voyage-cartailhac-grece-expo-virtuelle\/files\/2016\/11\/DSC_0407-S-768x597.jpg 768w, https:\/\/blogs.univ-tlse2.fr\/voyage-cartailhac-grece-expo-virtuelle\/files\/2016\/11\/DSC_0407-S.jpg 1000w\" sizes=\"auto, (max-width: 500px) 100vw, 500px\" \/><\/a><figcaption id=\"caption-attachment-872\" class=\"wp-caption-text\">\u00a0\u00a0\u00a0\u00a0\u00a0\u00a0\u00a0\u00a0\u00a0\u00a0\u00a0\u00a0\u00a0\u00a0\u00a0\u00a0\u00a0\u00a0\u00a0\u00a0\u00a0\u00a0\u00a0\u00a0\u00a0\u00a0\u00a0\u00a0\u00a0\u00a0 \u00ab Syra, une rue et porteuses d\u2019eau. 8 \u00bb. 1896<\/figcaption><\/figure>\n<p><em>\u00ab A sept heures du soir, nous quittons d\u00e9finitivement la Gr\u00e8ce. Tout est r\u00e9gl\u00e9 pour nous permettre de voir au grand jour ses pointes m\u00e9ridionales, le d\u00e9troit de Messine, celui de Bonifacio. Nous devons d\u00e9barquer en France \u00e0 la premi\u00e8re heure du quatri\u00e8me matin. Notre plan, on va le voir, n\u2019a pas \u00e9t\u00e9 rempli exactement. \u00bb<\/em><\/p>\n<figure id=\"attachment_871\" aria-describedby=\"caption-attachment-871\" style=\"width: 500px\" class=\"wp-caption aligncenter\"><a href=\"https:\/\/blogs.univ-tlse2.fr\/voyage-cartailhac-grece-expo-virtuelle\/files\/2016\/11\/DSC_0422-S-90-dpi.jpg\" rel=\"lightbox[275]\"><img loading=\"lazy\" decoding=\"async\" class=\"wp-image-871\" src=\"https:\/\/blogs.univ-tlse2.fr\/voyage-cartailhac-grece-expo-virtuelle\/files\/2016\/11\/DSC_0422-S-90-dpi-300x257.jpg\" alt=\"\" width=\"500\" height=\"428\" srcset=\"https:\/\/blogs.univ-tlse2.fr\/voyage-cartailhac-grece-expo-virtuelle\/files\/2016\/11\/DSC_0422-S-90-dpi-300x257.jpg 300w, https:\/\/blogs.univ-tlse2.fr\/voyage-cartailhac-grece-expo-virtuelle\/files\/2016\/11\/DSC_0422-S-90-dpi-768x657.jpg 768w, https:\/\/blogs.univ-tlse2.fr\/voyage-cartailhac-grece-expo-virtuelle\/files\/2016\/11\/DSC_0422-S-90-dpi.jpg 900w\" sizes=\"auto, (max-width: 500px) 100vw, 500px\" \/><\/a><figcaption id=\"caption-attachment-871\" class=\"wp-caption-text\">\u00a0\u00a0\u00a0\u00a0\u00a0\u00a0\u00a0\u00a0\u00a0\u00a0\u00a0\u00a0\u00a0\u00a0\u00a0\u00a0\u00a0\u00a0\u00a0\u00a0\u00a0\u00a0\u00a0\u00a0\u00a0\u00a0\u00a0\u00a0\u00a0\u00a0\u00a0\u00a0\u00a0\u00a0\u00a0\u00a0\u00a0\u00a0\u00a0\u00a0\u00a0 \u00ab Syra. Le S\u00e9n\u00e9gal en rade. 71 \u00bb. 1896<\/figcaption><\/figure>\n<p><em>\u00ab Quelques heures plus tard, nous doublions le cap de T\u00e9nare, une des portes de l\u2019enfer. La Gr\u00e8ce se perd bient\u00f4t \u00e0 l\u2019horizon et nous sommes, pour le reste du jour, seuls en pleine mer.<\/em><br \/>\n<em>Le lendemain de bon matin, nous longeons les c\u00f4tes de l\u2019Italie et de la Sicile.<\/em><\/p>\n<p><em>Vers dix heures, nous allons pr\u00e8s du Stromboli, que notre commandant nous laisse le temps de bien observer.<\/em><\/p>\n<figure id=\"attachment_873\" aria-describedby=\"caption-attachment-873\" style=\"width: 250px\" class=\"wp-caption alignleft\"><a href=\"https:\/\/blogs.univ-tlse2.fr\/voyage-cartailhac-grece-expo-virtuelle\/files\/2016\/11\/DSC_0384-S.jpg\" rel=\"lightbox[275]\"><img loading=\"lazy\" decoding=\"async\" class=\"wp-image-873\" src=\"https:\/\/blogs.univ-tlse2.fr\/voyage-cartailhac-grece-expo-virtuelle\/files\/2016\/11\/DSC_0384-S-300x225.jpg\" alt=\"\" width=\"250\" height=\"187\" srcset=\"https:\/\/blogs.univ-tlse2.fr\/voyage-cartailhac-grece-expo-virtuelle\/files\/2016\/11\/DSC_0384-S-300x225.jpg 300w, https:\/\/blogs.univ-tlse2.fr\/voyage-cartailhac-grece-expo-virtuelle\/files\/2016\/11\/DSC_0384-S-768x575.jpg 768w, https:\/\/blogs.univ-tlse2.fr\/voyage-cartailhac-grece-expo-virtuelle\/files\/2016\/11\/DSC_0384-S-1024x767.jpg 1024w, https:\/\/blogs.univ-tlse2.fr\/voyage-cartailhac-grece-expo-virtuelle\/files\/2016\/11\/DSC_0384-S.jpg 1100w\" sizes=\"auto, (max-width: 250px) 100vw, 250px\" \/><\/a><figcaption id=\"caption-attachment-873\" class=\"wp-caption-text\">\u00ab Vue du Stromboli. 79 \u00bb. 1896<\/figcaption><\/figure>\n<figure id=\"attachment_874\" aria-describedby=\"caption-attachment-874\" style=\"width: 250px\" class=\"wp-caption alignleft\"><a href=\"https:\/\/blogs.univ-tlse2.fr\/voyage-cartailhac-grece-expo-virtuelle\/files\/2016\/11\/DSC_0385-S.jpg\" rel=\"lightbox[275]\"><img loading=\"lazy\" decoding=\"async\" class=\"wp-image-874\" src=\"https:\/\/blogs.univ-tlse2.fr\/voyage-cartailhac-grece-expo-virtuelle\/files\/2016\/11\/DSC_0385-S-300x215.jpg\" alt=\"\" width=\"250\" height=\"179\" srcset=\"https:\/\/blogs.univ-tlse2.fr\/voyage-cartailhac-grece-expo-virtuelle\/files\/2016\/11\/DSC_0385-S-300x215.jpg 300w, https:\/\/blogs.univ-tlse2.fr\/voyage-cartailhac-grece-expo-virtuelle\/files\/2016\/11\/DSC_0385-S-768x551.jpg 768w, https:\/\/blogs.univ-tlse2.fr\/voyage-cartailhac-grece-expo-virtuelle\/files\/2016\/11\/DSC_0385-S-1024x734.jpg 1024w, https:\/\/blogs.univ-tlse2.fr\/voyage-cartailhac-grece-expo-virtuelle\/files\/2016\/11\/DSC_0385-S.jpg 1100w\" sizes=\"auto, (max-width: 250px) 100vw, 250px\" \/><\/a><figcaption id=\"caption-attachment-874\" class=\"wp-caption-text\">\u00ab Vue du Stromboli. \u00bb 1896<\/figcaption><\/figure>\n<p>&nbsp;<\/p>\n<p>&nbsp;<\/p>\n<p>&nbsp;<\/p>\n<p>&nbsp;<\/p>\n<p>&nbsp;<\/p>\n<p>&nbsp;<\/p>\n<p><em>Nous avons maintenant un temps admirable ; la M\u00e9diterran\u00e9e a son bleu de cobalt incomparable ; un souffle ti\u00e8de agite \u00e0 peine l\u2019air. C\u2019est \u00e0 merveille, car ce soir on entendra un grand concert au profit de la Soci\u00e9t\u00e9 de secours aux naufrag\u00e9s.<\/em><\/p>\n<p><em>Un programme des plus s\u00e9duisants tint toutes ses promesses. Le speech de M. Larroumet nous pr\u00eachant la charit\u00e9, cette vertu que les Grecs n\u2019avaient pas soup\u00e7onn\u00e9e, et qui est l\u2019id\u00e9al chr\u00e9tien, fut couvert de bravos et d\u00e9lia s\u00e9rieusement nos bourses. Puis on dansa, et, tandis que le S\u00e9n\u00e9gal s\u2019embrasait, fantastique, dans la pourpre rutilante des feux de Bengale et, que les fus\u00e9es multicolores se croisaient dans notre ciel, un punch d\u2019honneur \u00e9tait offert au commandant Rebuffat et \u00e0 ses officiers, qui avaient bien m\u00e9rit\u00e9 notre reconnaissante sympathie.<\/em><br \/>\n<em>A minuit, nous avons regagn\u00e9 nos cabines, et notre machine, apr\u00e8s avoir ralenti son mouvement pour favoriser notre soir\u00e9e, reprenait sa grande vitesse.<\/em><br \/>\n<em>Le lendemain, au fond de cette m\u00eame salle de f\u00eate, priv\u00e9e \u00e0 peine de quelques ornements trop mondains, \u00e9tait dress\u00e9 un autel et on disait la messe. Mais le temps \u00e9tait bien chang\u00e9 ; le mistral soufflait fort\u2026<\/em><\/p>\n<p><em>Le pont n\u2019avait plus qu\u2019un nombre restreint de passagers. A l\u2019heure du repas, la cloche retentissait en vain dans la batterie, une trentaine de convives seulement sur deux cents buvaient \u00e0 la sant\u00e9 des camarades !<\/em><\/p>\n<p><em>Quand nous arriv\u00e2mes tardivement en face de Marseille, le port \u00e9tait consign\u00e9.<\/em><\/p>\n<p><em>A ce moment, les esprits s\u2019aigrissaient et prenaient en grippe la mer ; on insultait le port de Marseille, o\u00f9 l\u2019on est bloqu\u00e9 au d\u00e9part, o\u00f9 l\u2019on ne peut rentrer quand on revient !<\/em><\/p>\n<p><em>Le d\u00e9jeuner fut lamentable, la cuisine du S\u00e9n\u00e9gal mauvaise pour la premi\u00e8re fois. Heureusement, vers quatre heures, le vent tomba et nous p\u00fbmes gagner le goulet. Le remorqueur vint, par une man\u0153uvre audacieuse, recevoir notre amarre, et, \u00e0 six heures, nous touchions aux pontons. Au milieu des embarras du d\u00e9barquement, de la visite impitoyable de la douane, nous nous serrons les mains et nous disons au revoir.<\/em><\/p>\n<p style=\"padding-left: 90px\"><em>Heureux qui comme Ulysse a fait un bon voyage,<\/em><br \/>\n<em>ou comme celui-l\u00e0 qui conquit la toison,<\/em><br \/>\n<em>et puis est retourn\u00e9 plein d\u2019usage et raison <\/em><br \/>\n<em>vivre entre ses parents le reste de son \u00e2ge !<\/em><\/p>\n<p><em>Ainsi parlait notre vieux po\u00e8te, Joachim du Bellay ; mais de son temps les voyages n\u2019\u00e9taient gu\u00e8re plus faciles ni plus rapides qu\u2019\u00e0 l\u2019\u00e9poque lointaine o\u00f9 vivait le fils illustre de La\u00ebrte. Aujourd\u2019hui, sans fatigues ni dangers, en quelques moments,<\/em><\/p>\n<p style=\"padding-left: 90px\"><em>nous voyons tous ces lieux dont les brillants destins<\/em><br \/>\n<em>occupent la m\u00e9moire ou les yeux des humains,<\/em><\/p>\n<p><em>Et il n\u2019est personne qui ne m\u2019approuve de garder, au fond du c\u0153ur, la douce esp\u00e9rance de quelques voyages encore et surtout d\u2019un retour en Gr\u00e8ce. \u00bb<\/em><\/p>\n<p>&nbsp;<\/p>\n","protected":false},"excerpt":{"rendered":"<p>\u00ab Nous laisserons M. Homolle \u00e0 Syra. Nous devons lui exprimer notre reconnaissance pour les services rendus \u00e0 la science et \u00e0 la patrie ; nous avons \u00e9t\u00e9 ses disciples, pendant les jours qu\u2019il nous a consacr\u00e9s, et si notre exp\u00e9dition a trouv\u00e9 partout le terrain bien pr\u00e9par\u00e9, c\u2019est \u00e0 lui que nous le devons &hellip; <\/p>\n<p class=\"link-more\"><a href=\"https:\/\/blogs.univ-tlse2.fr\/voyage-cartailhac-grece-expo-virtuelle\/syra\/\" class=\"more-link\">Continuer la lecture<span class=\"screen-reader-text\"> de &laquo;&nbsp;Syra et le retour \u00e0 Marseille&nbsp;&raquo;<\/span><\/a><\/p>\n","protected":false},"author":393,"featured_media":0,"parent":0,"menu_order":0,"comment_status":"closed","ping_status":"closed","template":"","meta":{"footnotes":""},"class_list":["post-275","page","type-page","status-publish","hentry"],"_links":{"self":[{"href":"https:\/\/blogs.univ-tlse2.fr\/voyage-cartailhac-grece-expo-virtuelle\/wp-json\/wp\/v2\/pages\/275","targetHints":{"allow":["GET"]}}],"collection":[{"href":"https:\/\/blogs.univ-tlse2.fr\/voyage-cartailhac-grece-expo-virtuelle\/wp-json\/wp\/v2\/pages"}],"about":[{"href":"https:\/\/blogs.univ-tlse2.fr\/voyage-cartailhac-grece-expo-virtuelle\/wp-json\/wp\/v2\/types\/page"}],"author":[{"embeddable":true,"href":"https:\/\/blogs.univ-tlse2.fr\/voyage-cartailhac-grece-expo-virtuelle\/wp-json\/wp\/v2\/users\/393"}],"replies":[{"embeddable":true,"href":"https:\/\/blogs.univ-tlse2.fr\/voyage-cartailhac-grece-expo-virtuelle\/wp-json\/wp\/v2\/comments?post=275"}],"version-history":[{"count":4,"href":"https:\/\/blogs.univ-tlse2.fr\/voyage-cartailhac-grece-expo-virtuelle\/wp-json\/wp\/v2\/pages\/275\/revisions"}],"predecessor-version":[{"id":985,"href":"https:\/\/blogs.univ-tlse2.fr\/voyage-cartailhac-grece-expo-virtuelle\/wp-json\/wp\/v2\/pages\/275\/revisions\/985"}],"wp:attachment":[{"href":"https:\/\/blogs.univ-tlse2.fr\/voyage-cartailhac-grece-expo-virtuelle\/wp-json\/wp\/v2\/media?parent=275"}],"curies":[{"name":"wp","href":"https:\/\/api.w.org\/{rel}","templated":true}]}}