 {"id":404,"date":"2017-01-06T16:05:06","date_gmt":"2017-01-06T15:05:06","guid":{"rendered":"http:\/\/dev12-adim.univ-tlse2.fr\/exposition-virtuelle\/?page_id=404"},"modified":"2017-03-14T22:11:01","modified_gmt":"2017-03-14T21:11:01","slug":"le-piree","status":"publish","type":"page","link":"https:\/\/blogs.univ-tlse2.fr\/voyage-cartailhac-grece-expo-virtuelle\/le-piree\/","title":{"rendered":"Le Pir\u00e9e"},"content":{"rendered":"<p><em>H\u00e9las ! l\u2019atmosph\u00e8re se trouble, le ciel est de nouveau couvert, la pluie est imminente. Et pourtant notre entr\u00e9e dans le port du Pir\u00e9e, vers dix heures du matin, est un des beaux moments de notre voyage. Ce port, o\u00f9 Chateaubriand n\u2019avait pas rencontr\u00e9 une seule barque, mais un douanier et un seul magasin, o\u00f9 pour tout bruit il avait entendu les cris des alcyons et le murmure des vagues, est rempli de b\u00e2timents ; les quais sont bord\u00e9s de maisons et de docks sur plus d\u2019un kilom\u00e8tre de longueur.<\/em><br \/>\n<em>[.. .]<\/em><\/p>\n<figure id=\"attachment_590\" aria-describedby=\"caption-attachment-590\" style=\"width: 708px\" class=\"wp-caption aligncenter\"><a href=\"https:\/\/blogs.univ-tlse2.fr\/voyage-cartailhac-grece-expo-virtuelle\/files\/2017\/01\/DSC_0470-S.jpg\" rel=\"lightbox[404]\"><img loading=\"lazy\" decoding=\"async\" class=\"wp-image-590 size-full\" src=\"https:\/\/blogs.univ-tlse2.fr\/voyage-cartailhac-grece-expo-virtuelle\/files\/2017\/01\/DSC_0470-S.jpg\" alt=\"\" width=\"708\" height=\"594\" srcset=\"https:\/\/blogs.univ-tlse2.fr\/voyage-cartailhac-grece-expo-virtuelle\/files\/2017\/01\/DSC_0470-S.jpg 708w, https:\/\/blogs.univ-tlse2.fr\/voyage-cartailhac-grece-expo-virtuelle\/files\/2017\/01\/DSC_0470-S-300x252.jpg 300w\" sizes=\"auto, (max-width: 708px) 100vw, 708px\" \/><\/a><figcaption id=\"caption-attachment-590\" class=\"wp-caption-text\"><em>Les barques d\u00e9cor\u00e9es du Pir\u00e9e. \u00ab 48 \u00bb. 1896<\/em><\/figcaption><\/figure>\n<figure id=\"attachment_592\" aria-describedby=\"caption-attachment-592\" style=\"width: 736px\" class=\"wp-caption aligncenter\"><a href=\"https:\/\/blogs.univ-tlse2.fr\/voyage-cartailhac-grece-expo-virtuelle\/files\/2017\/01\/DSC_0474-S.jpg\" rel=\"lightbox[404]\"><img loading=\"lazy\" decoding=\"async\" class=\"wp-image-592 size-full\" src=\"https:\/\/blogs.univ-tlse2.fr\/voyage-cartailhac-grece-expo-virtuelle\/files\/2017\/01\/DSC_0474-S.jpg\" alt=\"\" width=\"736\" height=\"620\" srcset=\"https:\/\/blogs.univ-tlse2.fr\/voyage-cartailhac-grece-expo-virtuelle\/files\/2017\/01\/DSC_0474-S.jpg 736w, https:\/\/blogs.univ-tlse2.fr\/voyage-cartailhac-grece-expo-virtuelle\/files\/2017\/01\/DSC_0474-S-300x253.jpg 300w\" sizes=\"auto, (max-width: 736px) 100vw, 736px\" \/><\/a><figcaption id=\"caption-attachment-592\" class=\"wp-caption-text\">\u00ab Les quais du Pyr\u00e9e un jour de P\u00e2ques. 1 \u00bb 1896<\/figcaption><\/figure>\n<p>&nbsp;<\/p>\n<p><em>Le S\u00e9n\u00e9gal peut mouiller \u00e0 une encablure de terre. Vingt barques, aux guirlandes de flammes multicolores, s\u2019empressent vers la coup\u00e9e, se tiendront pendant notre s\u00e9jour \u00e0 notre disposition et feront le va et vient du bord \u00e0 la terre. D\u00e9cid\u00e9ment, les Messageries maritimes ont tout pr\u00e9vu et m\u00e9ritent notre gratitude. Chaque nuit, s\u2019il nous pla\u00eet, nous reviendrons go\u00fbter dans nos cabines un repos bien m\u00e9rit\u00e9 et qu\u2019aucun h\u00f4tel par cette p\u00e9riode de jeux olympiques et de cohue n\u2019aurait pu nous r\u00e9server.<\/em><br \/>\n<em>Les communications entre le Pir\u00e9e et Ath\u00e8nes ne sont pas ce que pourraient d\u00e9sirer des touristes aussi actifs que nous, aussi press\u00e9s. On peut choisir entre trois syst\u00e8mes : la voiture de louage, le tramway \u00e0 vapeur, le chemin de fer. La voiture est sous la main, mais elle met deux heures \u00e0 faire la route et le prix est \u00e0 d\u00e9battre. Les gares sont au bout du port, \u00e0 deux kilom\u00e8tres, et l\u2019omnibus ne passe jamais quand nous d\u00e9sirons ses services. Le train fait son trajet en une heure ; le train ordinaire en trente minutes. Les d\u00e9parts sont assez espac\u00e9s. Naturellement, j\u2019ai voulu conna\u00eetre les trois routes\u2026<\/em><\/p>\n<p>&nbsp;<\/p>\n<p>&nbsp;<\/p>\n","protected":false},"excerpt":{"rendered":"<p>H\u00e9las ! l\u2019atmosph\u00e8re se trouble, le ciel est de nouveau couvert, la pluie est imminente. Et pourtant notre entr\u00e9e dans le port du Pir\u00e9e, vers dix heures du matin, est un des beaux moments de notre voyage. Ce port, o\u00f9 Chateaubriand n\u2019avait pas rencontr\u00e9 une seule barque, mais un douanier et un seul magasin, o\u00f9 &hellip; <\/p>\n<p class=\"link-more\"><a href=\"https:\/\/blogs.univ-tlse2.fr\/voyage-cartailhac-grece-expo-virtuelle\/le-piree\/\" class=\"more-link\">Continuer la lecture<span class=\"screen-reader-text\"> de &laquo;&nbsp;Le Pir\u00e9e&nbsp;&raquo;<\/span><\/a><\/p>\n","protected":false},"author":393,"featured_media":0,"parent":0,"menu_order":0,"comment_status":"closed","ping_status":"closed","template":"","meta":{"footnotes":""},"class_list":["post-404","page","type-page","status-publish","hentry"],"_links":{"self":[{"href":"https:\/\/blogs.univ-tlse2.fr\/voyage-cartailhac-grece-expo-virtuelle\/wp-json\/wp\/v2\/pages\/404","targetHints":{"allow":["GET"]}}],"collection":[{"href":"https:\/\/blogs.univ-tlse2.fr\/voyage-cartailhac-grece-expo-virtuelle\/wp-json\/wp\/v2\/pages"}],"about":[{"href":"https:\/\/blogs.univ-tlse2.fr\/voyage-cartailhac-grece-expo-virtuelle\/wp-json\/wp\/v2\/types\/page"}],"author":[{"embeddable":true,"href":"https:\/\/blogs.univ-tlse2.fr\/voyage-cartailhac-grece-expo-virtuelle\/wp-json\/wp\/v2\/users\/393"}],"replies":[{"embeddable":true,"href":"https:\/\/blogs.univ-tlse2.fr\/voyage-cartailhac-grece-expo-virtuelle\/wp-json\/wp\/v2\/comments?post=404"}],"version-history":[{"count":3,"href":"https:\/\/blogs.univ-tlse2.fr\/voyage-cartailhac-grece-expo-virtuelle\/wp-json\/wp\/v2\/pages\/404\/revisions"}],"predecessor-version":[{"id":960,"href":"https:\/\/blogs.univ-tlse2.fr\/voyage-cartailhac-grece-expo-virtuelle\/wp-json\/wp\/v2\/pages\/404\/revisions\/960"}],"wp:attachment":[{"href":"https:\/\/blogs.univ-tlse2.fr\/voyage-cartailhac-grece-expo-virtuelle\/wp-json\/wp\/v2\/media?parent=404"}],"curies":[{"name":"wp","href":"https:\/\/api.w.org\/{rel}","templated":true}]}}