 {"id":107,"date":"2021-11-28T15:49:55","date_gmt":"2021-11-28T14:49:55","guid":{"rendered":"https:\/\/blogs.univ-tlse2.fr\/welcomingmigrants2022\/?page_id=107"},"modified":"2022-04-19T11:38:43","modified_gmt":"2022-04-19T09:38:43","slug":"informations-pratiques","status":"publish","type":"page","link":"https:\/\/blogs.univ-tlse2.fr\/welcomingmigrants2022\/informations-pratiques\/","title":{"rendered":"Informations Pratiques"},"content":{"rendered":"\n<div class=\"wp-block-columns is-layout-flex wp-container-core-columns-is-layout-28f84493 wp-block-columns-is-layout-flex\">\n<div class=\"wp-block-column is-layout-flow wp-block-column-is-layout-flow\">\n<p><strong>Lieu de la conf\u00e9rence : <\/strong><\/p>\n\n\n\n<ul class=\"wp-block-list\"><li>Maison de la Recherche \u00e0 l&#8217;Universit\u00e9 Toulouse Jean Jaur\u00e8s <ul><li>5 Impasse Louis-Nicolas Vauquelin, 31100 Toulouse<\/li><\/ul><\/li><\/ul>\n<\/div>\n<\/div>\n\n\n\n<hr class=\"wp-block-separator\" \/>\n\n\n\n<p><strong>Dates : <\/strong><\/p>\n\n\n\n<ul class=\"wp-block-list\"><li>Dates de la conf\u00e9rence : 12-13 mai 2022<\/li><li>Date limite de soumission des propositions : 24 janvier 2022<\/li><\/ul>\n\n\n\n<hr class=\"wp-block-separator\" \/>\n\n\n\n<div class=\"wp-block-columns is-layout-flex wp-container-core-columns-is-layout-28f84493 wp-block-columns-is-layout-flex\">\n<div class=\"wp-block-column is-layout-flow wp-block-column-is-layout-flow\">\n<p>Aucune inscription n&#8217;est n\u00e9cessaire. Le colloque est <strong>gratuit<\/strong>.<\/p>\n\n\n\n<p>Adresse m\u00e9l : <a href=\"&#x6d;&#97;i&#x6c;&#116;o&#x3a;&#x77;el&#x63;&#111;m&#x69;&#x6e;gm&#x69;&#103;r&#x61;&#x6e;ts&#x32;&#48;2&#x32;&#x40;un&#x69;&#118;-&#x74;&#x6c;s&#x65;&#x32;&#46;f&#x72;\">&#119;e&#x6c;c&#x6f;m&#x69;n&#x67;m&#x69;g&#x72;&#97;&#x6e;&#116;s&#50;0&#x32;2&#x40;u&#x6e;i&#x76;-&#x74;l&#x73;&#101;&#x32;&#46;f&#114;<\/a><\/p>\n<\/div>\n<\/div>\n\n\n\n<hr class=\"wp-block-separator\" \/>\n","protected":false},"excerpt":{"rendered":"<p>Lieu de la conf\u00e9rence : Maison de la Recherche \u00e0 l&#8217;Universit\u00e9 Toulouse Jean Jaur\u00e8s 5 Impasse Louis-Nicolas Vauquelin, 31100 Toulouse Dates : Dates de la conf\u00e9rence : 12-13 mai 2022 Date limite de soumission des propositions : 24 janvier 2022 Aucune inscription n&#8217;est n\u00e9cessaire. Le colloque est gratuit. Adresse m\u00e9l<\/p>\n","protected":false},"author":1077,"featured_media":0,"parent":0,"menu_order":0,"comment_status":"closed","ping_status":"closed","template":"","meta":{"footnotes":""},"class_list":["post-107","page","type-page","status-publish","hentry"],"_links":{"self":[{"href":"https:\/\/blogs.univ-tlse2.fr\/welcomingmigrants2022\/wp-json\/wp\/v2\/pages\/107","targetHints":{"allow":["GET"]}}],"collection":[{"href":"https:\/\/blogs.univ-tlse2.fr\/welcomingmigrants2022\/wp-json\/wp\/v2\/pages"}],"about":[{"href":"https:\/\/blogs.univ-tlse2.fr\/welcomingmigrants2022\/wp-json\/wp\/v2\/types\/page"}],"author":[{"embeddable":true,"href":"https:\/\/blogs.univ-tlse2.fr\/welcomingmigrants2022\/wp-json\/wp\/v2\/users\/1077"}],"replies":[{"embeddable":true,"href":"https:\/\/blogs.univ-tlse2.fr\/welcomingmigrants2022\/wp-json\/wp\/v2\/comments?post=107"}],"version-history":[{"count":13,"href":"https:\/\/blogs.univ-tlse2.fr\/welcomingmigrants2022\/wp-json\/wp\/v2\/pages\/107\/revisions"}],"predecessor-version":[{"id":261,"href":"https:\/\/blogs.univ-tlse2.fr\/welcomingmigrants2022\/wp-json\/wp\/v2\/pages\/107\/revisions\/261"}],"wp:attachment":[{"href":"https:\/\/blogs.univ-tlse2.fr\/welcomingmigrants2022\/wp-json\/wp\/v2\/media?parent=107"}],"curies":[{"name":"wp","href":"https:\/\/api.w.org\/{rel}","templated":true}]}}